{"id":207,"date":"2015-10-13T10:41:42","date_gmt":"2015-10-13T08:41:42","guid":{"rendered":"http:\/\/demo.valentano.org\/1900-talet\/"},"modified":"2015-10-13T10:41:42","modified_gmt":"2015-10-13T08:41:42","slug":"1900-talet","status":"publish","type":"page","link":"https:\/\/www.valentano.org\/sv\/home-sv\/1900-talet\/","title":{"rendered":"1900-talet"},"content":{"rendered":"<p>Valentanos situation var i b\u00f6rjan av 1900-talet inte annorlunda fr\u00e5n andra byar i Viterbo provins d\u00e4r fattigdom var spred och rikedom koncentrerades i f\u00e5 rika familjer och f\u00f6rsamlingar. Bara efter det f\u00f6rsta v\u00e4rldskriget fick m\u00e5nga inv\u00e5nare lite mark f\u00f6r sj\u00e4lvf\u00f6rs\u00f6rjande. Senare delades marken ytterligare.<\/p>\n<p><a href=\"http:\/\/demo.valentano.org\/wp-content\/uploads\/2013\/04\/targa_caduti_palazzaccio-19e.jpg\" target=\"_blank\" title=\"Targa caduti Palazzaccio (foto di Silvia Saraconi)\" rel=\"noopener\"><span style=\"font-family: arial,helvetica;\"><img loading=\"lazy\" decoding=\"async\" class=\" size-full wp-image-1307\" src=\"http:\/\/demo.valentano.org\/wp-content\/uploads\/2013\/04\/th_targa_caduti_palazzaccio-e25.jpg\" border=\"0\" alt=\"\" style=\"display: block; margin-left: auto; margin-right: auto;\" width=\"231\" height=\"400\" srcset=\"https:\/\/www.valentano.org\/wp-content\/uploads\/2013\/04\/th_targa_caduti_palazzaccio-e25.jpg 231w, https:\/\/www.valentano.org\/wp-content\/uploads\/2013\/04\/th_targa_caduti_palazzaccio-e25-173x300.jpg 173w\" sizes=\"auto, (max-width: 231px) 100vw, 231px\" \/><\/span><\/a><\/p>\n<p>Under juni 1944 korsade frontlinjen byn och under slaget mellan tyska soldater och allierade dog elva civilpersoner.<\/p>\n<p align=\"center\"><a href=\"http:\/\/demo.valentano.org\/wp-content\/uploads\/2013\/04\/portonaccio-067.jpg\" target=\"_blank\" rel=\"noopener\"><img loading=\"lazy\" decoding=\"async\" class=\" size-full wp-image-1321\" src=\"http:\/\/demo.valentano.org\/wp-content\/uploads\/2013\/04\/thumb_portonaccio-0dd.jpg\" border=\"0\" alt=\"Ingresso di Palazzo Vitozzi, tristemente famoso per la bomba che vi cadde nel giugno del 1944\" width=\"193\" height=\"300\" \/><\/a> <a href=\"http:\/\/demo.valentano.org\/wp-content\/uploads\/2013\/04\/portonaccio_dettaglio-d46.jpg\" target=\"_blank\" rel=\"noopener\"><img loading=\"lazy\" decoding=\"async\" class=\" size-full wp-image-1335\" src=\"http:\/\/demo.valentano.org\/wp-content\/uploads\/2013\/04\/thumb_portonaccio_dettaglio-651.jpg\" border=\"0\" alt=\"Particolare dell'arco del &quot;Portonaccio&quot;. Evidente la mancanza di una delle bugne, divelta dall'esplosione\" width=\"300\" height=\"203\" \/><\/a><br \/> <span style=\"color: #ff0000; font-family: Arial,Helvetica,sans-serif;\">Tryck p\u00e5 bilden f\u00f6r att f\u00f6rstora<\/span><\/p>\n<p>Efter andra v\u00e4rldskriget m\u00e5nga familjer (ca. 100) l\u00e4mnade byn\u00a0 och flyttade till Pescia Romana d\u00e4r de fick marken efter jordbruksreformen. Befolkningen som hittills r\u00e4knade 3826 inv\u00e5nare (historisk maximum) sj\u00f6nk till 3218 \u00e5r 1961. Trenden fortsatt i n\u00e5gra \u00e5r och stabiliserades runt 2925 inv\u00e5nare trots att byns yta blev mycket st\u00f6rre.<\/p>\n<p><em>\u00d6versatt av Federico Matarrelli<\/em><\/p>\n","protected":false},"excerpt":{"rendered":"<p>Valentanos situation var i b\u00f6rjan av 1900-talet inte annorlunda fr\u00e5n andra byar i Viterbo provins d\u00e4r fattigdom var spred och rikedom koncentrerades i f\u00e5 rika familjer och f\u00f6rsamlingar. Bara efter det f\u00f6rsta v\u00e4rldskriget fick m\u00e5nga inv\u00e5nare lite mark f\u00f6r sj\u00e4lvf\u00f6rs\u00f6rjande. Senare delades marken ytterligare. Under juni 1944 korsade frontlinjen byn och under slaget mellan tyska&hellip; <a class=\"more-link\" href=\"https:\/\/www.valentano.org\/sv\/home-sv\/1900-talet\/\">Forts\u00e4tt l\u00e4sa <span class=\"screen-reader-text\">1900-talet<\/span><\/a><\/p>\n","protected":false},"author":1,"featured_media":0,"parent":190,"menu_order":0,"comment_status":"closed","ping_status":"closed","template":"","meta":{"_acf_changed":false,"footnotes":""},"class_list":["post-207","page","type-page","status-publish","hentry","entry"],"acf":[],"_links":{"self":[{"href":"https:\/\/www.valentano.org\/sv\/wp-json\/wp\/v2\/pages\/207","targetHints":{"allow":["GET"]}}],"collection":[{"href":"https:\/\/www.valentano.org\/sv\/wp-json\/wp\/v2\/pages"}],"about":[{"href":"https:\/\/www.valentano.org\/sv\/wp-json\/wp\/v2\/types\/page"}],"author":[{"embeddable":true,"href":"https:\/\/www.valentano.org\/sv\/wp-json\/wp\/v2\/users\/1"}],"replies":[{"embeddable":true,"href":"https:\/\/www.valentano.org\/sv\/wp-json\/wp\/v2\/comments?post=207"}],"version-history":[{"count":0,"href":"https:\/\/www.valentano.org\/sv\/wp-json\/wp\/v2\/pages\/207\/revisions"}],"up":[{"embeddable":true,"href":"https:\/\/www.valentano.org\/sv\/wp-json\/wp\/v2\/pages\/190"}],"wp:attachment":[{"href":"https:\/\/www.valentano.org\/sv\/wp-json\/wp\/v2\/media?parent=207"}],"curies":[{"name":"wp","href":"https:\/\/api.w.org\/{rel}","templated":true}]}}

<p>Valentanos situation var i början av 1900-talet inte annorlunda från andra byar i Viterbo provins där fattigdom var spred och rikedom koncentrerades i få rika familjer och församlingar. Bara efter det första världskriget fick många invånare lite mark för självförsörjande. Senare delades marken ytterligare.</p>
<p><a href="http://demo.valentano.org/wp-content/uploads/2013/04/targa_caduti_palazzaccio-19e.jpg" target="_blank" title="Targa caduti Palazzaccio (foto di Silvia Saraconi)" rel="noopener"><span style="font-family: arial,helvetica;"><img loading="lazy" decoding="async" class=" size-full wp-image-1307" src="http://demo.valentano.org/wp-content/uploads/2013/04/th_targa_caduti_palazzaccio-e25.jpg" border="0" alt="" style="display: block; margin-left: auto; margin-right: auto;" width="231" height="400" srcset="https://www.valentano.org/wp-content/uploads/2013/04/th_targa_caduti_palazzaccio-e25.jpg 231w, https://www.valentano.org/wp-content/uploads/2013/04/th_targa_caduti_palazzaccio-e25-173x300.jpg 173w" sizes="auto, (max-width: 231px) 100vw, 231px" /></span></a></p>
<p>Under juni 1944 korsade frontlinjen byn och under slaget mellan tyska soldater och allierade dog elva civilpersoner.</p>
<p align="center"><a href="http://demo.valentano.org/wp-content/uploads/2013/04/portonaccio-067.jpg" target="_blank" rel="noopener"><img loading="lazy" decoding="async" class=" size-full wp-image-1321" src="http://demo.valentano.org/wp-content/uploads/2013/04/thumb_portonaccio-0dd.jpg" border="0" alt="Ingresso di Palazzo Vitozzi, tristemente famoso per la bomba che vi cadde nel giugno del 1944" width="193" height="300" /></a> <a href="http://demo.valentano.org/wp-content/uploads/2013/04/portonaccio_dettaglio-d46.jpg" target="_blank" rel="noopener"><img loading="lazy" decoding="async" class=" size-full wp-image-1335" src="http://demo.valentano.org/wp-content/uploads/2013/04/thumb_portonaccio_dettaglio-651.jpg" border="0" alt="Particolare dell'arco del &quot;Portonaccio&quot;. Evidente la mancanza di una delle bugne, divelta dall'esplosione" width="300" height="203" /></a><br /> <span style="color: #ff0000; font-family: Arial,Helvetica,sans-serif;">Tryck på bilden för att förstora</span></p>
<p>Efter andra världskriget många familjer (ca. 100) lämnade byn  och flyttade till Pescia Romana där de fick marken efter jordbruksreformen. Befolkningen som hittills räknade 3826 invånare (historisk maximum) sjönk till 3218 år 1961. Trenden fortsatt i några år och stabiliserades runt 2925 invånare trots att byns yta blev mycket större.</p>
<p><em>Översatt av Federico Matarrelli</em></p>

<p>Valentanos situation var i början av 1900-talet inte annorlunda från andra byar i Viterbo provins där fattigdom var spred och rikedom koncentrerades i få rika familjer och församlingar. Bara efter det första världskriget fick många invånare lite mark för självförsörjande. Senare delades marken ytterligare. Under juni 1944 korsade frontlinjen byn och under slaget mellan tyska&hellip; <a class="more-link" href="https://www.valentano.org/sv/home-sv/1900-talet/">Fortsätt läsa <span class="screen-reader-text">1900-talet</span></a></p>
