{"id":91,"date":"2013-04-28T16:01:05","date_gmt":"2013-04-28T14:01:05","guid":{"rendered":"http:\/\/demo.valentano.org\/inquadramento-geologico-generale\/"},"modified":"2023-01-20T08:37:55","modified_gmt":"2023-01-20T07:37:55","slug":"inquadramento-geologico-generale","status":"publish","type":"page","link":"https:\/\/www.valentano.org\/it\/home-it\/inquadramento-geologico-generale\/","title":{"rendered":"Inquadramento geologico generale"},"content":{"rendered":"<h3 align=\"center\"><span style=\"color: #660000; font-family: Trebuchet MS,Arial,Helvetica;\">1. L&#8217;apertura del Mar Tirreno e l&#8217;esplosione dei vulcani<\/span><\/h3>\n<p>Intorno alla fine dell&#8217;Era Cenozoica ad occidente della catena appenninica, in via di sollevamento, la crosta terrestre subisce profonde trasformazioni, assottigliandosi, lacerandosi e sprofondando lentamente viene invasa dal mare: nasce il Tirreno.<br \/> Circa 5-6 milioni di anni fa, nel Pliocene inferiore il margine occidentale della catena appenninica, coinvolto nei movimenti precedentemente descritti, sprofonda verso Ovest disarticolato da lunghi sistemi di fratture parallele (faglie con direzione NW-SE) come una grande gradinata. \u00c8 lambito dal mare che invade queste zone ribassate posizionandosi molto pi\u00f9 ad oriente della posizione attuale.<\/p>\n<p align=\"center\"><a href=\"http:\/\/demo.valentano.org\/wp-content\/uploads\/2013\/04\/geofigx-cc9.jpg\" target=\"_blank\" rel=\"noopener\"><img loading=\"lazy\" decoding=\"async\" class=\" size-full wp-image-1881\" src=\"http:\/\/demo.valentano.org\/wp-content\/uploads\/2013\/04\/thumb_geofigx-48c.jpg\" border=\"0\" width=\"271\" height=\"300\" \/><\/a><br \/> <span style=\"color: #ff0000;\">Cliccare sull&#8217;immagine per ingrandirla<\/span><br \/> L&#8217;Italia durante il Pliocene<br \/> <span>(ridisegnato e tratto da Atlante Geografico Moderno De Agostini)<\/span><\/p>\n<p>Questa profonda zona ribassata, definita <a href=\"http:\/\/demo.valentano.org\/geologia-glossario\/\" target=\"_blank\" rel=\"noopener\">Graben<\/a>, era bordata ad est dall&#8217;Appennino in modo continuo con i Monti della Sabina, i Monti Tiburtini-Prenestini ed i Monti Lepini, ad ovest in modo discontinuo da due dorsali rimaste emerse durante i movimenti di sprofondamento, costituite dalla Tolfa e dal Circeo. In questo Graben si aveva la deposizione di sedimenti quali ghiaie, sabbie ed argille provenienti dal modellamento dell&#8217;Appennino e trasportate dai fiumi.<br \/> Intorno ai 3-4 milioni di anni fa, Pliocene medio-superiore, all&#8217;interno ed al centro del Graben inizia a sollevarsi una nuova dorsale, il mare si ritira verso ovest e resta solo un lungo e stretto golfo aperto verso sud che oggi costituisce la bassa valle del Fiume Tevere tra Orvieto e Roma.<\/p>\n<p align=\"center\"><a href=\"http:\/\/demo.valentano.org\/wp-content\/uploads\/2013\/04\/geofigy-f1f.jpg\" target=\"_blank\" rel=\"noopener\"><img loading=\"lazy\" decoding=\"async\" class=\" size-full wp-image-1895\" src=\"http:\/\/demo.valentano.org\/wp-content\/uploads\/2013\/04\/thumb_geofigy-75a.jpg\" border=\"0\" width=\"400\" height=\"220\" srcset=\"https:\/\/www.valentano.org\/wp-content\/uploads\/2013\/04\/thumb_geofigy-75a.jpg 400w, https:\/\/www.valentano.org\/wp-content\/uploads\/2013\/04\/thumb_geofigy-75a-300x165.jpg 300w\" sizes=\"auto, (max-width: 400px) 100vw, 400px\" \/><\/a><br \/> Struttura ad <a href=\"http:\/\/demo.valentano.org\/geologia-glossario\/\" target=\"_blank\" rel=\"noopener\">horst<\/a> e <a href=\"http:\/\/demo.valentano.org\/geologia-glossario\/\" target=\"_blank\" rel=\"noopener\">graben<\/a><\/p>\n<p>Contemporaneamente a questo sollevamento, inizialmente in Toscana e successivamente nel Lazio settentrionale, si ha una forte attivit\u00e0 vulcanica sviluppata in diverse fasi che si susseguono nel tempo da ovest verso est e che segnano il sollevamento di singole aree.<br \/> I prodotti di questa attivit\u00e0 vulcanica caratterizzano la cos\u00ec detta \u00abProvincia Magmatica Toscana\u00bb, e sono costituiti dalle lave della Tolfa e dell&#8217;agro cerite e manziate (da 4,2 a 2,1 milioni di anni ) e successivamente i prodotti del Monte Cimino (da 1,4 a 0,9 milioni di anni) che per\u00f2 per et\u00e0 e per le sue caratteristiche sembrerebbero assomigliare di pi\u00f9 alla \u00abProvincia Romana\u00bb.<br \/> Nell&#8217;ultimo milione di anni, il mare si \u00e8 ritirato verso ovest lasciando dietro di s\u00e9 stagni, laghi e paludi, ed i fiumi alimentano la nuova fascia costiera approvvigionandola di grandi volumi di ghiaie, sabbie e argille.<br \/> Questa quiete raggiunta \u00e8 nuovamente turbata dal riattivarsi delle faglie ad andamento appenninico ed antiappenninico che portano alla fratturazione in diversi settori della piana costiera formata ed allo sprofondamento degli stessi.<br \/> Queste nuove fratture favoriscono nuovamente la risalita del magma che dar\u00e0 vita ad un&#8217;altra serie di importanti manifestazioni vulcaniche che perdureranno per diverse centinaia di migliaia di anni.<br \/> Si vengono a generare diversi complessi disposti da NW a SE e sono i Vulsini, di Vico, dei Sabatini, dei Colli Albani, della Media Valle Latina (o degli Ernici) e di Roccamonfina. Ancora pi\u00f9 a sud i complessi di Ischia e Procida, dei Campi Flegrei e del Somma-Vesuvio.<br \/> Questo vulcanismo, diverso dal precedente, \u00e8 indicato come alcalino-potassico per la prevalenza di questo elemento ed identifica la \u00abProvincia Magmatica Romana\u00bb.<\/p>\n<p align=\"center\"><a href=\"http:\/\/demo.valentano.org\/wp-content\/uploads\/2013\/04\/geofig1-997.jpg\" target=\"_blank\" rel=\"noopener\"><img loading=\"lazy\" decoding=\"async\" class=\" size-full wp-image-1909\" src=\"http:\/\/demo.valentano.org\/wp-content\/uploads\/2013\/04\/thumb_geofig1-1d2.jpg\" border=\"0\" width=\"229\" height=\"300\" \/><\/a><br \/> Stralcio della carta geologica \u201cTuscania\u201d Foglio n\u00b0 136 scala 1:100.000<\/p>\n<p align=\"center\"><strong><a href=\"http:\/\/demo.valentano.org\/wp-content\/uploads\/2013\/04\/geofig1a-947.jpg\" target=\"_blank\" rel=\"noopener\"><img loading=\"lazy\" decoding=\"async\" class=\" size-full wp-image-1923\" src=\"http:\/\/demo.valentano.org\/wp-content\/uploads\/2013\/04\/thumb_geofig1a-9ef.jpg\" border=\"0\" width=\"560\" height=\"125\" srcset=\"https:\/\/www.valentano.org\/wp-content\/uploads\/2013\/04\/thumb_geofig1a-9ef.jpg 560w, https:\/\/www.valentano.org\/wp-content\/uploads\/2013\/04\/thumb_geofig1a-9ef-300x67.jpg 300w\" sizes=\"auto, (max-width: 560px) 100vw, 560px\" \/><\/a><\/strong><br \/> Sezione geologica passante per Valentano<\/p>\n<p style=\"text-align: left;\" align=\"center\">\u00a0<\/p>\n<p style=\"text-align: left;\" align=\"center\"><span style=\"font-family: arial,helvetica;\">Testo della Geol. <a href=\"http:\/\/www.iacogeo.com\/\" target=\"_blank\" rel=\"noopener\">Olivia Iacoangeli<\/a><\/span><\/p>\n","protected":false},"excerpt":{"rendered":"<p>1. L&#8217;apertura del Mar Tirreno e l&#8217;esplosione dei vulcani Intorno alla fine dell&#8217;Era Cenozoica ad occidente della catena appenninica, in via di sollevamento, la crosta terrestre subisce profonde trasformazioni, assottigliandosi, lacerandosi e sprofondando lentamente viene invasa dal mare: nasce il Tirreno. Circa 5-6 milioni di anni fa, nel Pliocene inferiore il margine occidentale della catena&hellip; <a class=\"more-link\" href=\"https:\/\/www.valentano.org\/it\/home-it\/inquadramento-geologico-generale\/\">Continua a leggere <span class=\"screen-reader-text\">Inquadramento geologico generale<\/span><\/a><\/p>\n","protected":false},"author":1,"featured_media":0,"parent":10,"menu_order":18,"comment_status":"closed","ping_status":"closed","template":"","meta":{"_acf_changed":false,"footnotes":""},"class_list":["post-91","page","type-page","status-publish","hentry","entry"],"acf":[],"_links":{"self":[{"href":"https:\/\/www.valentano.org\/it\/wp-json\/wp\/v2\/pages\/91","targetHints":{"allow":["GET"]}}],"collection":[{"href":"https:\/\/www.valentano.org\/it\/wp-json\/wp\/v2\/pages"}],"about":[{"href":"https:\/\/www.valentano.org\/it\/wp-json\/wp\/v2\/types\/page"}],"author":[{"embeddable":true,"href":"https:\/\/www.valentano.org\/it\/wp-json\/wp\/v2\/users\/1"}],"replies":[{"embeddable":true,"href":"https:\/\/www.valentano.org\/it\/wp-json\/wp\/v2\/comments?post=91"}],"version-history":[{"count":2,"href":"https:\/\/www.valentano.org\/it\/wp-json\/wp\/v2\/pages\/91\/revisions"}],"predecessor-version":[{"id":6271,"href":"https:\/\/www.valentano.org\/it\/wp-json\/wp\/v2\/pages\/91\/revisions\/6271"}],"up":[{"embeddable":true,"href":"https:\/\/www.valentano.org\/it\/wp-json\/wp\/v2\/pages\/10"}],"wp:attachment":[{"href":"https:\/\/www.valentano.org\/it\/wp-json\/wp\/v2\/media?parent=91"}],"curies":[{"name":"wp","href":"https:\/\/api.w.org\/{rel}","templated":true}]}}

<h3 align="center"><span style="color: #660000; font-family: Trebuchet MS,Arial,Helvetica;">1. L&#8217;apertura del Mar Tirreno e l&#8217;esplosione dei vulcani</span></h3>
<p>Intorno alla fine dell&#8217;Era Cenozoica ad occidente della catena appenninica, in via di sollevamento, la crosta terrestre subisce profonde trasformazioni, assottigliandosi, lacerandosi e sprofondando lentamente viene invasa dal mare: nasce il Tirreno.<br /> Circa 5-6 milioni di anni fa, nel Pliocene inferiore il margine occidentale della catena appenninica, coinvolto nei movimenti precedentemente descritti, sprofonda verso Ovest disarticolato da lunghi sistemi di fratture parallele (faglie con direzione NW-SE) come una grande gradinata. È lambito dal mare che invade queste zone ribassate posizionandosi molto più ad oriente della posizione attuale.</p>
<p align="center"><a href="http://demo.valentano.org/wp-content/uploads/2013/04/geofigx-cc9.jpg" target="_blank" rel="noopener"><img loading="lazy" decoding="async" class=" size-full wp-image-1881" src="http://demo.valentano.org/wp-content/uploads/2013/04/thumb_geofigx-48c.jpg" border="0" width="271" height="300" /></a><br /> <span style="color: #ff0000;">Cliccare sull&#8217;immagine per ingrandirla</span><br /> L&#8217;Italia durante il Pliocene<br /> <span>(ridisegnato e tratto da Atlante Geografico Moderno De Agostini)</span></p>
<p>Questa profonda zona ribassata, definita <a href="http://demo.valentano.org/geologia-glossario/" target="_blank" rel="noopener">Graben</a>, era bordata ad est dall&#8217;Appennino in modo continuo con i Monti della Sabina, i Monti Tiburtini-Prenestini ed i Monti Lepini, ad ovest in modo discontinuo da due dorsali rimaste emerse durante i movimenti di sprofondamento, costituite dalla Tolfa e dal Circeo. In questo Graben si aveva la deposizione di sedimenti quali ghiaie, sabbie ed argille provenienti dal modellamento dell&#8217;Appennino e trasportate dai fiumi.<br /> Intorno ai 3-4 milioni di anni fa, Pliocene medio-superiore, all&#8217;interno ed al centro del Graben inizia a sollevarsi una nuova dorsale, il mare si ritira verso ovest e resta solo un lungo e stretto golfo aperto verso sud che oggi costituisce la bassa valle del Fiume Tevere tra Orvieto e Roma.</p>
<p align="center"><a href="http://demo.valentano.org/wp-content/uploads/2013/04/geofigy-f1f.jpg" target="_blank" rel="noopener"><img loading="lazy" decoding="async" class=" size-full wp-image-1895" src="http://demo.valentano.org/wp-content/uploads/2013/04/thumb_geofigy-75a.jpg" border="0" width="400" height="220" srcset="https://www.valentano.org/wp-content/uploads/2013/04/thumb_geofigy-75a.jpg 400w, https://www.valentano.org/wp-content/uploads/2013/04/thumb_geofigy-75a-300x165.jpg 300w" sizes="auto, (max-width: 400px) 100vw, 400px" /></a><br /> Struttura ad <a href="http://demo.valentano.org/geologia-glossario/" target="_blank" rel="noopener">horst</a> e <a href="http://demo.valentano.org/geologia-glossario/" target="_blank" rel="noopener">graben</a></p>
<p>Contemporaneamente a questo sollevamento, inizialmente in Toscana e successivamente nel Lazio settentrionale, si ha una forte attività vulcanica sviluppata in diverse fasi che si susseguono nel tempo da ovest verso est e che segnano il sollevamento di singole aree.<br /> I prodotti di questa attività vulcanica caratterizzano la così detta «Provincia Magmatica Toscana», e sono costituiti dalle lave della Tolfa e dell&#8217;agro cerite e manziate (da 4,2 a 2,1 milioni di anni ) e successivamente i prodotti del Monte Cimino (da 1,4 a 0,9 milioni di anni) che però per età e per le sue caratteristiche sembrerebbero assomigliare di più alla «Provincia Romana».<br /> Nell&#8217;ultimo milione di anni, il mare si è ritirato verso ovest lasciando dietro di sé stagni, laghi e paludi, ed i fiumi alimentano la nuova fascia costiera approvvigionandola di grandi volumi di ghiaie, sabbie e argille.<br /> Questa quiete raggiunta è nuovamente turbata dal riattivarsi delle faglie ad andamento appenninico ed antiappenninico che portano alla fratturazione in diversi settori della piana costiera formata ed allo sprofondamento degli stessi.<br /> Queste nuove fratture favoriscono nuovamente la risalita del magma che darà vita ad un&#8217;altra serie di importanti manifestazioni vulcaniche che perdureranno per diverse centinaia di migliaia di anni.<br /> Si vengono a generare diversi complessi disposti da NW a SE e sono i Vulsini, di Vico, dei Sabatini, dei Colli Albani, della Media Valle Latina (o degli Ernici) e di Roccamonfina. Ancora più a sud i complessi di Ischia e Procida, dei Campi Flegrei e del Somma-Vesuvio.<br /> Questo vulcanismo, diverso dal precedente, è indicato come alcalino-potassico per la prevalenza di questo elemento ed identifica la «Provincia Magmatica Romana».</p>
<p align="center"><a href="http://demo.valentano.org/wp-content/uploads/2013/04/geofig1-997.jpg" target="_blank" rel="noopener"><img loading="lazy" decoding="async" class=" size-full wp-image-1909" src="http://demo.valentano.org/wp-content/uploads/2013/04/thumb_geofig1-1d2.jpg" border="0" width="229" height="300" /></a><br /> Stralcio della carta geologica “Tuscania” Foglio n° 136 scala 1:100.000</p>
<p align="center"><strong><a href="http://demo.valentano.org/wp-content/uploads/2013/04/geofig1a-947.jpg" target="_blank" rel="noopener"><img loading="lazy" decoding="async" class=" size-full wp-image-1923" src="http://demo.valentano.org/wp-content/uploads/2013/04/thumb_geofig1a-9ef.jpg" border="0" width="560" height="125" srcset="https://www.valentano.org/wp-content/uploads/2013/04/thumb_geofig1a-9ef.jpg 560w, https://www.valentano.org/wp-content/uploads/2013/04/thumb_geofig1a-9ef-300x67.jpg 300w" sizes="auto, (max-width: 560px) 100vw, 560px" /></a></strong><br /> Sezione geologica passante per Valentano</p>
<p style="text-align: left;" align="center"> </p>
<p style="text-align: left;" align="center"><span style="font-family: arial,helvetica;">Testo della Geol. <a href="http://www.iacogeo.com/" target="_blank" rel="noopener">Olivia Iacoangeli</a></span></p>
