{"id":24,"date":"2013-04-27T00:45:36","date_gmt":"2013-04-26T22:45:36","guid":{"rendered":"http:\/\/demo.valentano.org\/chiesa-di-santa-croce\/"},"modified":"2023-01-20T08:35:38","modified_gmt":"2023-01-20T07:35:38","slug":"chiesa-di-santa-croce","status":"publish","type":"page","link":"https:\/\/www.valentano.org\/it\/home-it\/chiesa-di-santa-croce\/","title":{"rendered":"Chiesa di Santa Croce"},"content":{"rendered":"<div align=\"center\"><a href=\"http:\/\/demo.valentano.org\/wp-content\/uploads\/2013\/04\/scroce2-669.jpg\" target=\"_blank\" rel=\"noopener\"><img loading=\"lazy\" decoding=\"async\" class=\" size-full wp-image-831\" src=\"http:\/\/demo.valentano.org\/wp-content\/uploads\/2013\/04\/thumb_scroce2-e2c.jpg\" border=\"0\" alt=\"La chiesa di Santa Croce\" width=\"192\" height=\"300\" \/><\/a><\/div>\n<div align=\"center\"><span style=\"color: #ff0000;\">Cliccare sull&#8217;immagine per ingrandirla<\/span><\/div>\n<p>\u00c8 una delle Chiese pi\u00f9 antiche del paese e vi si conserva un affresco pregevole, di scuola umbro-senese, della met\u00e0 del sec. XV. Si tratta della Madonna con Bambino e &#8220;flagellanti&#8221; o &#8220;battenti&#8221;, un movimento penitenziale attivo in Umbria sin dal 1200.<\/p>\n<p align=\"center\"><a href=\"http:\/\/demo.valentano.org\/wp-content\/uploads\/2013\/04\/scroce1-213.jpg\" target=\"_blank\" rel=\"noopener\"><img loading=\"lazy\" decoding=\"async\" class=\" size-full wp-image-845\" src=\"http:\/\/demo.valentano.org\/wp-content\/uploads\/2013\/04\/thumb_scroce1-a56.jpg\" border=\"0\" alt=\"Angelo orante, particolare dell'affresco.\" width=\"189\" height=\"300\" \/><\/a><\/p>\n<p>La Chiesa, come appare oggi, \u00e8 la ristrutturazione dell&#8217;antico sacello di &#8220;Santa Maria dei Battenti&#8221; avvenuta verso la met\u00e0 del 1600.<\/p>\n<p align=\"center\"><a href=\"http:\/\/demo.valentano.org\/wp-content\/uploads\/2013\/04\/scroce3-5bf.jpg\" target=\"_blank\" rel=\"noopener\"><img loading=\"lazy\" decoding=\"async\" class=\" size-full wp-image-859\" src=\"http:\/\/demo.valentano.org\/wp-content\/uploads\/2013\/04\/thumb_scroce3-dfa.jpg\" border=\"0\" alt=\"Dedicato ai caduti valentanesi\" width=\"225\" height=\"300\" \/><\/a><\/p>\n","protected":false},"excerpt":{"rendered":"<p>Cliccare sull&#8217;immagine per ingrandirla \u00c8 una delle Chiese pi\u00f9 antiche del paese e vi si conserva un affresco pregevole, di scuola umbro-senese, della met\u00e0 del sec. XV. Si tratta della Madonna con Bambino e &#8220;flagellanti&#8221; o &#8220;battenti&#8221;, un movimento penitenziale attivo in Umbria sin dal 1200. La Chiesa, come appare oggi, \u00e8 la ristrutturazione dell&#8217;antico&hellip; <a class=\"more-link\" href=\"https:\/\/www.valentano.org\/it\/home-it\/chiesa-di-santa-croce\/\">Continua a leggere <span class=\"screen-reader-text\">Chiesa di Santa Croce<\/span><\/a><\/p>\n","protected":false},"author":1,"featured_media":0,"parent":10,"menu_order":57,"comment_status":"closed","ping_status":"closed","template":"","meta":{"_acf_changed":false,"footnotes":""},"class_list":["post-24","page","type-page","status-publish","hentry","entry"],"acf":[],"_links":{"self":[{"href":"https:\/\/www.valentano.org\/it\/wp-json\/wp\/v2\/pages\/24","targetHints":{"allow":["GET"]}}],"collection":[{"href":"https:\/\/www.valentano.org\/it\/wp-json\/wp\/v2\/pages"}],"about":[{"href":"https:\/\/www.valentano.org\/it\/wp-json\/wp\/v2\/types\/page"}],"author":[{"embeddable":true,"href":"https:\/\/www.valentano.org\/it\/wp-json\/wp\/v2\/users\/1"}],"replies":[{"embeddable":true,"href":"https:\/\/www.valentano.org\/it\/wp-json\/wp\/v2\/comments?post=24"}],"version-history":[{"count":1,"href":"https:\/\/www.valentano.org\/it\/wp-json\/wp\/v2\/pages\/24\/revisions"}],"predecessor-version":[{"id":6008,"href":"https:\/\/www.valentano.org\/it\/wp-json\/wp\/v2\/pages\/24\/revisions\/6008"}],"up":[{"embeddable":true,"href":"https:\/\/www.valentano.org\/it\/wp-json\/wp\/v2\/pages\/10"}],"wp:attachment":[{"href":"https:\/\/www.valentano.org\/it\/wp-json\/wp\/v2\/media?parent=24"}],"curies":[{"name":"wp","href":"https:\/\/api.w.org\/{rel}","templated":true}]}}

<div align="center"><a href="http://demo.valentano.org/wp-content/uploads/2013/04/scroce2-669.jpg" target="_blank" rel="noopener"><img loading="lazy" decoding="async" class=" size-full wp-image-831" src="http://demo.valentano.org/wp-content/uploads/2013/04/thumb_scroce2-e2c.jpg" border="0" alt="La chiesa di Santa Croce" width="192" height="300" /></a></div>
<div align="center"><span style="color: #ff0000;">Cliccare sull&#8217;immagine per ingrandirla</span></div>
<p>È una delle Chiese più antiche del paese e vi si conserva un affresco pregevole, di scuola umbro-senese, della metà del sec. XV. Si tratta della Madonna con Bambino e &#8220;flagellanti&#8221; o &#8220;battenti&#8221;, un movimento penitenziale attivo in Umbria sin dal 1200.</p>
<p align="center"><a href="http://demo.valentano.org/wp-content/uploads/2013/04/scroce1-213.jpg" target="_blank" rel="noopener"><img loading="lazy" decoding="async" class=" size-full wp-image-845" src="http://demo.valentano.org/wp-content/uploads/2013/04/thumb_scroce1-a56.jpg" border="0" alt="Angelo orante, particolare dell'affresco." width="189" height="300" /></a></p>
<p>La Chiesa, come appare oggi, è la ristrutturazione dell&#8217;antico sacello di &#8220;Santa Maria dei Battenti&#8221; avvenuta verso la metà del 1600.</p>
<p align="center"><a href="http://demo.valentano.org/wp-content/uploads/2013/04/scroce3-5bf.jpg" target="_blank" rel="noopener"><img loading="lazy" decoding="async" class=" size-full wp-image-859" src="http://demo.valentano.org/wp-content/uploads/2013/04/thumb_scroce3-dfa.jpg" border="0" alt="Dedicato ai caduti valentanesi" width="225" height="300" /></a></p>

<p>Cliccare sull&#8217;immagine per ingrandirla È una delle Chiese più antiche del paese e vi si conserva un affresco pregevole, di scuola umbro-senese, della metà del sec. XV. Si tratta della Madonna con Bambino e &#8220;flagellanti&#8221; o &#8220;battenti&#8221;, un movimento penitenziale attivo in Umbria sin dal 1200. La Chiesa, come appare oggi, è la ristrutturazione dell&#8217;antico&hellip; <a class="more-link" href="https://www.valentano.org/it/home-it/chiesa-di-santa-croce/">Continua a leggere <span class="screen-reader-text">Chiesa di Santa Croce</span></a></p>
