{"id":211,"date":"2017-11-05T16:24:31","date_gmt":"2017-11-05T15:24:31","guid":{"rendered":"http:\/\/demo.valentano.org\/madonna-della-peste-o-dell-uccelletto\/"},"modified":"2017-11-05T16:24:31","modified_gmt":"2017-11-05T15:24:31","slug":"madonna-della-peste-o-dell-uccelletto","status":"publish","type":"page","link":"https:\/\/www.valentano.org\/it\/madonna-della-peste-o-dell-uccelletto\/","title":{"rendered":"Madonna della Peste o dell&#8217;Uccelletto"},"content":{"rendered":"<h1 style=\"text-align: center;\">Madonna della Peste o dell&#8217;Uccelletto<\/h1>\n<p><img loading=\"lazy\" decoding=\"async\" class=\" size-full wp-image-5976\" src=\"http:\/\/demo.valentano.org\/wp-content\/uploads\/2017\/11\/madonna_uccelletto-5ef.jpg\" border=\"0\" alt=\"Madonna della Peste o dell'Uccelletto\" title=\"Madonna della Peste o dell'Uccelletto\" style=\"display: block; margin-left: auto; margin-right: auto;\" width=\"222\" height=\"286\" \/><\/p>\n<p><span style=\"color: #1d2129; font-family: Helvetica, Arial, sans-serif; font-size: 14px; font-style: normal; font-variant-ligatures: normal; font-variant-caps: normal; font-weight: 400; letter-spacing: normal; orphans: 2; text-align: start; text-indent: 0px; text-transform: none; white-space: normal; widows: 2; word-spacing: 0px; -webkit-text-stroke-width: 0px; background-color: #ffffff; text-decoration-style: initial; text-decoration-color: initial; display: inline !important; float: none;\">Nel 1657 la peste infettava tutte le nostre contrade e la Comunit\u00e0 valentanese si rivolse alla Madonna della Salute perch\u00e9 tale flagello non giungesse a Valentano.<\/span><\/p>\n<p><span style=\"color: #1d2129; font-family: Helvetica, Arial, sans-serif; font-size: 14px; font-style: normal; font-variant-ligatures: normal; font-variant-caps: normal; font-weight: 400; letter-spacing: normal; orphans: 2; text-align: start; text-indent: 0px; text-transform: none; white-space: normal; widows: 2; word-spacing: 0px; -webkit-text-stroke-width: 0px; background-color: #ffffff; text-decoration-style: initial; text-decoration-color: initial; display: inline !important; float: none;\">L\u2019intercessione mariana fece s\u00ec che, effettivamente la peste in quella occasione risparmi\u00f2 Valentano e cos\u00ec la Comunit\u00e0 deliber\u00f2 di erigere il cippo con l\u2019icona a ricordo di questo avvenimento e \u201cfece voto\u201d che tutta la Comunit\u00e0 &#8211; tutti gli anni &#8211; il sabato antecedente la terza domenica di Maggio festa della Madonna della Salute rinnovasse questo patto d\u2019amore. Il cippo \u00e8 detto anche della Madonna dell\u2019uccelletto, rappresentato nel quadro, fosse caduto, come era cessata la peste.<\/span><\/p>\n<p><span style=\"color: #1d2129; font-family: Helvetica, Arial, sans-serif; font-size: 14px; font-style: normal; font-variant-ligatures: normal; font-variant-caps: normal; font-weight: 400; letter-spacing: normal; orphans: 2; text-align: start; text-indent: 0px; text-transform: none; white-space: normal; widows: 2; word-spacing: 0px; -webkit-text-stroke-width: 0px; background-color: #ffffff; text-decoration-style: initial; text-decoration-color: initial; display: inline !important; float: none;\">Oggi la processione si rinnova solo per la volont\u00e0 di alcuni fedeli ma prima era un vero e proprio impegno del Comune.<\/span><\/p>\n<p>\u00a0<\/p>\n<p><span style=\"color: #1d2129; font-family: Helvetica, Arial, sans-serif; font-size: 14px; font-style: normal; font-variant-ligatures: normal; font-variant-caps: normal; font-weight: 400; letter-spacing: normal; orphans: 2; text-align: start; text-indent: 0px; text-transform: none; white-space: normal; widows: 2; word-spacing: 0px; -webkit-text-stroke-width: 0px; background-color: #ffffff; text-decoration-style: initial; text-decoration-color: initial; display: inline !important; float: none;\">Testo e foto di Romualdo Luzi<\/span><\/p>\n","protected":false},"excerpt":{"rendered":"<p>Madonna della Peste o dell&#8217;Uccelletto Nel 1657 la peste infettava tutte le nostre contrade e la Comunit\u00e0 valentanese si rivolse alla Madonna della Salute perch\u00e9 tale flagello non giungesse a Valentano. L\u2019intercessione mariana fece s\u00ec che, effettivamente la peste in quella occasione risparmi\u00f2 Valentano e cos\u00ec la Comunit\u00e0 deliber\u00f2 di erigere il cippo con l\u2019icona&hellip; <a class=\"more-link\" href=\"https:\/\/www.valentano.org\/it\/madonna-della-peste-o-dell-uccelletto\/\">Continua a leggere <span class=\"screen-reader-text\">Madonna della Peste o dell&#8217;Uccelletto<\/span><\/a><\/p>\n","protected":false},"author":1,"featured_media":0,"parent":0,"menu_order":0,"comment_status":"closed","ping_status":"closed","template":"","meta":{"_acf_changed":false,"footnotes":""},"class_list":["post-211","page","type-page","status-publish","hentry","entry"],"acf":[],"_links":{"self":[{"href":"https:\/\/www.valentano.org\/it\/wp-json\/wp\/v2\/pages\/211","targetHints":{"allow":["GET"]}}],"collection":[{"href":"https:\/\/www.valentano.org\/it\/wp-json\/wp\/v2\/pages"}],"about":[{"href":"https:\/\/www.valentano.org\/it\/wp-json\/wp\/v2\/types\/page"}],"author":[{"embeddable":true,"href":"https:\/\/www.valentano.org\/it\/wp-json\/wp\/v2\/users\/1"}],"replies":[{"embeddable":true,"href":"https:\/\/www.valentano.org\/it\/wp-json\/wp\/v2\/comments?post=211"}],"version-history":[{"count":0,"href":"https:\/\/www.valentano.org\/it\/wp-json\/wp\/v2\/pages\/211\/revisions"}],"wp:attachment":[{"href":"https:\/\/www.valentano.org\/it\/wp-json\/wp\/v2\/media?parent=211"}],"curies":[{"name":"wp","href":"https:\/\/api.w.org\/{rel}","templated":true}]}}

<h1 style="text-align: center;">Madonna della Peste o dell&#8217;Uccelletto</h1>
<p><img loading="lazy" decoding="async" class=" size-full wp-image-5976" src="http://demo.valentano.org/wp-content/uploads/2017/11/madonna_uccelletto-5ef.jpg" border="0" alt="Madonna della Peste o dell'Uccelletto" title="Madonna della Peste o dell'Uccelletto" style="display: block; margin-left: auto; margin-right: auto;" width="222" height="286" /></p>
<p><span style="color: #1d2129; font-family: Helvetica, Arial, sans-serif; font-size: 14px; font-style: normal; font-variant-ligatures: normal; font-variant-caps: normal; font-weight: 400; letter-spacing: normal; orphans: 2; text-align: start; text-indent: 0px; text-transform: none; white-space: normal; widows: 2; word-spacing: 0px; -webkit-text-stroke-width: 0px; background-color: #ffffff; text-decoration-style: initial; text-decoration-color: initial; display: inline !important; float: none;">Nel 1657 la peste infettava tutte le nostre contrade e la Comunità valentanese si rivolse alla Madonna della Salute perché tale flagello non giungesse a Valentano.</span></p>
<p><span style="color: #1d2129; font-family: Helvetica, Arial, sans-serif; font-size: 14px; font-style: normal; font-variant-ligatures: normal; font-variant-caps: normal; font-weight: 400; letter-spacing: normal; orphans: 2; text-align: start; text-indent: 0px; text-transform: none; white-space: normal; widows: 2; word-spacing: 0px; -webkit-text-stroke-width: 0px; background-color: #ffffff; text-decoration-style: initial; text-decoration-color: initial; display: inline !important; float: none;">L’intercessione mariana fece sì che, effettivamente la peste in quella occasione risparmiò Valentano e così la Comunità deliberò di erigere il cippo con l’icona a ricordo di questo avvenimento e “fece voto” che tutta la Comunità &#8211; tutti gli anni &#8211; il sabato antecedente la terza domenica di Maggio festa della Madonna della Salute rinnovasse questo patto d’amore. Il cippo è detto anche della Madonna dell’uccelletto, rappresentato nel quadro, fosse caduto, come era cessata la peste.</span></p>
<p><span style="color: #1d2129; font-family: Helvetica, Arial, sans-serif; font-size: 14px; font-style: normal; font-variant-ligatures: normal; font-variant-caps: normal; font-weight: 400; letter-spacing: normal; orphans: 2; text-align: start; text-indent: 0px; text-transform: none; white-space: normal; widows: 2; word-spacing: 0px; -webkit-text-stroke-width: 0px; background-color: #ffffff; text-decoration-style: initial; text-decoration-color: initial; display: inline !important; float: none;">Oggi la processione si rinnova solo per la volontà di alcuni fedeli ma prima era un vero e proprio impegno del Comune.</span></p>
<p> </p>
<p><span style="color: #1d2129; font-family: Helvetica, Arial, sans-serif; font-size: 14px; font-style: normal; font-variant-ligatures: normal; font-variant-caps: normal; font-weight: 400; letter-spacing: normal; orphans: 2; text-align: start; text-indent: 0px; text-transform: none; white-space: normal; widows: 2; word-spacing: 0px; -webkit-text-stroke-width: 0px; background-color: #ffffff; text-decoration-style: initial; text-decoration-color: initial; display: inline !important; float: none;">Testo e foto di Romualdo Luzi</span></p>

<p>Madonna della Peste o dell&#8217;Uccelletto Nel 1657 la peste infettava tutte le nostre contrade e la Comunità valentanese si rivolse alla Madonna della Salute perché tale flagello non giungesse a Valentano. L’intercessione mariana fece sì che, effettivamente la peste in quella occasione risparmiò Valentano e così la Comunità deliberò di erigere il cippo con l’icona&hellip; <a class="more-link" href="https://www.valentano.org/it/madonna-della-peste-o-dell-uccelletto/">Continua a leggere <span class="screen-reader-text">Madonna della Peste o dell&#8217;Uccelletto</span></a></p>
