{"id":210,"date":"2016-01-24T18:07:27","date_gmt":"2016-01-24T17:07:27","guid":{"rendered":"http:\/\/demo.valentano.org\/teatro-il-mascherone-di-valentano\/"},"modified":"2016-01-24T18:07:27","modified_gmt":"2016-01-24T17:07:27","slug":"teatro-il-mascherone-di-valentano","status":"publish","type":"page","link":"https:\/\/www.valentano.org\/it\/teatro-il-mascherone-di-valentano\/","title":{"rendered":"Teatro Il Mascherone di Valentano"},"content":{"rendered":"<p align=\"center\"><strong>TEATRO IL MASCHERONE di Valentano<\/strong><\/p>\n<p>\u00a0\u00a0\u00a0\u00a0\u00a0\u00a0\u00a0\u00a0\u00a0\u00a0\u00a0\u00a0\u00a0\u00a0\u00a0\u00a0\u00a0\u00a0\u00a0\u00a0<\/p>\n<p>Il Teatro Il Mascherone \u00e8 la perla artistica del paese.<\/p>\n<p>Inaugurato il 5 dicembre 2015 con un delizioso variet\u00e0 comico-musicale dal titolo <em>\u201cPer\u00f2 mi vuole bene\u201d<\/em>, ha riscosso fin da subito un grande successo, diventando il nuovo piccolo polo artistico-culturale di tutto il territorio.\u00a0<\/p>\n<p>Si tratta di un teatro indipendente di 90 posti, frutto della recente collaborazione tra l&#8217;associazione GRUPPO TEATRALE LA PIAZZETTA di Valentano e l&#8217;associazione culturale OPERA di Roma, entrambe senza scopo di lucro.<\/p>\n<p align=\"center\"><a href=\"http:\/\/demo.valentano.org\/wp-content\/uploads\/2016\/01\/WP_20151128_15_37_03_Pro-2b1.jpg\" target=\"_blank\" rel=\"noopener\"><img loading=\"lazy\" decoding=\"async\" class=\" size-full wp-image-5913\" src=\"http:\/\/demo.valentano.org\/wp-content\/uploads\/2016\/01\/th_WP_20151128_15_37_03_Pro-d0a.jpg\" border=\"0\" width=\"401\" height=\"225\" srcset=\"https:\/\/www.valentano.org\/wp-content\/uploads\/2016\/01\/th_WP_20151128_15_37_03_Pro-d0a.jpg 401w, https:\/\/www.valentano.org\/wp-content\/uploads\/2016\/01\/th_WP_20151128_15_37_03_Pro-d0a-300x168.jpg 300w\" sizes=\"auto, (max-width: 401px) 100vw, 401px\" \/><\/a><\/p>\n<p>Allestito nelle sale parrocchiali della chiesa di S. Giovanni Evangelista con il beneplacito del parroco don Eugenio e del sindaco Franco Pacchiarelli, il nuovo teatro \u00e8 un vero e proprio spazio culturale polivalente in grado di ospitare iniziative artistiche ad ampio raggio.<\/p>\n<p>Ma la parte da leone la fa naturalmente il teatro, non solo con i lavori teatrali interpretati e diretti dal maestro Gianni Pontillo insieme all&#8217;attrice Deborah Caroscioli, ma anche quelli della stessa compagnia locale e di altre compagnie provenienti da tutto il territorio.<\/p>\n<p>Il Teatro Il Mascherone presenta la sua prima, ricca stagione con un calendario di spettacoli che spazia dal variet\u00e0 alla commedia, da Pirandello a Mary Poppins, con il chiaro intento di coinvolgere tutte le fasce d&#8217;et\u00e0 e tutte le sensibilit\u00e0.<\/p>\n<p align=\"center\"><a href=\"http:\/\/demo.valentano.org\/wp-content\/uploads\/2016\/01\/WP_20151118_21_46_43_Pro-c4c.jpg\" target=\"_blank\" rel=\"noopener\"><img loading=\"lazy\" decoding=\"async\" class=\" size-full wp-image-5927\" src=\"http:\/\/demo.valentano.org\/wp-content\/uploads\/2016\/01\/th_WP_20151118_21_46_43_Pro-3f7.jpg\" border=\"0\" width=\"225\" height=\"400\" srcset=\"https:\/\/www.valentano.org\/wp-content\/uploads\/2016\/01\/th_WP_20151118_21_46_43_Pro-3f7.jpg 225w, https:\/\/www.valentano.org\/wp-content\/uploads\/2016\/01\/th_WP_20151118_21_46_43_Pro-3f7-169x300.jpg 169w\" sizes=\"auto, (max-width: 225px) 100vw, 225px\" \/><\/a><\/p>\n<p>Questo piccolo teatro, dall&#8217;atmosfera accogliente e calda, rappresenta davvero qualcosa di eccellente, perch\u00e9 da anni la comunit\u00e0 di Valentano desiderava uno spazio teatrale, vista la presenza sul territorio non solo di una compagnia teatrale di lunga data, ma anche di numerose associazioni artistiche e musicali. Tuttavia solo l&#8217;arrivo a Valentano di due attori professionisti romani ha permesso questo traguardo.<\/p>\n<p align=\"center\"><a href=\"http:\/\/demo.valentano.org\/wp-content\/uploads\/2016\/01\/WP_20151118_21_58_51_Pro-315.jpg\" target=\"_blank\" rel=\"noopener\"><img loading=\"lazy\" decoding=\"async\" class=\" size-full wp-image-5941\" src=\"http:\/\/demo.valentano.org\/wp-content\/uploads\/2016\/01\/th_WP_20151118_21_58_51_Pro-cae.jpg\" border=\"0\" width=\"400\" height=\"225\" srcset=\"https:\/\/www.valentano.org\/wp-content\/uploads\/2016\/01\/th_WP_20151118_21_58_51_Pro-cae.jpg 400w, https:\/\/www.valentano.org\/wp-content\/uploads\/2016\/01\/th_WP_20151118_21_58_51_Pro-cae-300x169.jpg 300w\" sizes=\"auto, (max-width: 400px) 100vw, 400px\" \/><\/a><\/p>\n<p>E cos\u00ec si \u00e8 dato vita ad uno spazio speciale, nato grazie al lavoro manuale di tutti: a partire dallo stesso presidente della compagnia teatrale La Piazzetta di Valentano, Luigi Menci, che ha profuso tutta la sua esperienza pratica nella ristrutturazione della sala. Ma nessuno si \u00e8 tirato indietro: con chiodi e martelli, ago e filo, pennelli e vernici, tutti gli attori e le attrici si sono dati da fare ogni sera, dopo il lavoro, per creare quel luogo dove, per dirla con Gigi Proietti, tutto \u00e8 finto ma niente \u00e8 falso.<\/p>\n<p align=\"center\"><a href=\"http:\/\/demo.valentano.org\/wp-content\/uploads\/2016\/01\/applausi2-01f.jpg\" target=\"_blank\" rel=\"noopener\"><img loading=\"lazy\" decoding=\"async\" class=\" size-full wp-image-5955\" src=\"http:\/\/demo.valentano.org\/wp-content\/uploads\/2016\/01\/th_applausi2-86e.jpg\" border=\"0\" width=\"400\" height=\"267\" srcset=\"https:\/\/www.valentano.org\/wp-content\/uploads\/2016\/01\/th_applausi2-86e.jpg 400w, https:\/\/www.valentano.org\/wp-content\/uploads\/2016\/01\/th_applausi2-86e-300x200.jpg 300w\" sizes=\"auto, (max-width: 400px) 100vw, 400px\" \/><\/a>\u00a0<a href=\"http:\/\/demo.valentano.org\/wp-content\/uploads\/2016\/01\/applausi3-3c9.jpg\" target=\"_blank\" rel=\"noopener\"><img loading=\"lazy\" decoding=\"async\" class=\" size-full wp-image-5969\" src=\"http:\/\/demo.valentano.org\/wp-content\/uploads\/2016\/01\/th_applausi3-bb8.jpg\" border=\"0\" alt=\"Teatro Il Mascherone\" style=\"display: block; margin-left: auto; margin-right: auto;\" width=\"400\" height=\"267\" srcset=\"https:\/\/www.valentano.org\/wp-content\/uploads\/2016\/01\/th_applausi3-bb8.jpg 400w, https:\/\/www.valentano.org\/wp-content\/uploads\/2016\/01\/th_applausi3-bb8-300x200.jpg 300w\" sizes=\"auto, (max-width: 400px) 100vw, 400px\" \/><\/a><\/p>\n<p align=\"center\"><strong>TEATRO IL MASCHERONE<\/strong><\/p>\n<p align=\"center\"><strong>Piazza della Vittoria, 01018 Valentano VT<\/p>\n<p> <\/strong><\/p>\n<p align=\"center\"><strong>Info e prenotazioni: tel 3357518414<\/strong><\/p>\n<p align=\"center\"><strong>\u00a0<\/strong><\/p>\n<p align=\"center\"><strong>PAGINA FB:<\/strong> <a href=\"https:\/\/www.facebook.com\/Teatro-Il-Mascherone-Di-Valentano-941914449218130\/\" target=\"_blank\" title=\"Pagina Facebook\" rel=\"noopener\"><em>Teatro Il Mascherone di Valentano <\/em><\/a><\/p>\n","protected":false},"excerpt":{"rendered":"<p>TEATRO IL MASCHERONE di Valentano \u00a0\u00a0\u00a0\u00a0\u00a0\u00a0\u00a0\u00a0\u00a0\u00a0\u00a0\u00a0\u00a0\u00a0\u00a0\u00a0\u00a0\u00a0\u00a0\u00a0 Il Teatro Il Mascherone \u00e8 la perla artistica del paese. Inaugurato il 5 dicembre 2015 con un delizioso variet\u00e0 comico-musicale dal titolo \u201cPer\u00f2 mi vuole bene\u201d, ha riscosso fin da subito un grande successo, diventando il nuovo piccolo polo artistico-culturale di tutto il territorio.\u00a0 Si tratta di un teatro&hellip; <a class=\"more-link\" href=\"https:\/\/www.valentano.org\/it\/teatro-il-mascherone-di-valentano\/\">Continua a leggere <span class=\"screen-reader-text\">Teatro Il Mascherone di Valentano<\/span><\/a><\/p>\n","protected":false},"author":1,"featured_media":0,"parent":0,"menu_order":0,"comment_status":"closed","ping_status":"closed","template":"","meta":{"_acf_changed":false,"footnotes":""},"class_list":["post-210","page","type-page","status-publish","hentry","entry"],"acf":[],"_links":{"self":[{"href":"https:\/\/www.valentano.org\/it\/wp-json\/wp\/v2\/pages\/210","targetHints":{"allow":["GET"]}}],"collection":[{"href":"https:\/\/www.valentano.org\/it\/wp-json\/wp\/v2\/pages"}],"about":[{"href":"https:\/\/www.valentano.org\/it\/wp-json\/wp\/v2\/types\/page"}],"author":[{"embeddable":true,"href":"https:\/\/www.valentano.org\/it\/wp-json\/wp\/v2\/users\/1"}],"replies":[{"embeddable":true,"href":"https:\/\/www.valentano.org\/it\/wp-json\/wp\/v2\/comments?post=210"}],"version-history":[{"count":0,"href":"https:\/\/www.valentano.org\/it\/wp-json\/wp\/v2\/pages\/210\/revisions"}],"wp:attachment":[{"href":"https:\/\/www.valentano.org\/it\/wp-json\/wp\/v2\/media?parent=210"}],"curies":[{"name":"wp","href":"https:\/\/api.w.org\/{rel}","templated":true}]}}

<p align="center"><strong>TEATRO IL MASCHERONE di Valentano</strong></p>
<p>                    </p>
<p>Il Teatro Il Mascherone è la perla artistica del paese.</p>
<p>Inaugurato il 5 dicembre 2015 con un delizioso varietà comico-musicale dal titolo <em>“Però mi vuole bene”</em>, ha riscosso fin da subito un grande successo, diventando il nuovo piccolo polo artistico-culturale di tutto il territorio. </p>
<p>Si tratta di un teatro indipendente di 90 posti, frutto della recente collaborazione tra l&#8217;associazione GRUPPO TEATRALE LA PIAZZETTA di Valentano e l&#8217;associazione culturale OPERA di Roma, entrambe senza scopo di lucro.</p>
<p align="center"><a href="http://demo.valentano.org/wp-content/uploads/2016/01/WP_20151128_15_37_03_Pro-2b1.jpg" target="_blank" rel="noopener"><img loading="lazy" decoding="async" class=" size-full wp-image-5913" src="http://demo.valentano.org/wp-content/uploads/2016/01/th_WP_20151128_15_37_03_Pro-d0a.jpg" border="0" width="401" height="225" srcset="https://www.valentano.org/wp-content/uploads/2016/01/th_WP_20151128_15_37_03_Pro-d0a.jpg 401w, https://www.valentano.org/wp-content/uploads/2016/01/th_WP_20151128_15_37_03_Pro-d0a-300x168.jpg 300w" sizes="auto, (max-width: 401px) 100vw, 401px" /></a></p>
<p>Allestito nelle sale parrocchiali della chiesa di S. Giovanni Evangelista con il beneplacito del parroco don Eugenio e del sindaco Franco Pacchiarelli, il nuovo teatro è un vero e proprio spazio culturale polivalente in grado di ospitare iniziative artistiche ad ampio raggio.</p>
<p>Ma la parte da leone la fa naturalmente il teatro, non solo con i lavori teatrali interpretati e diretti dal maestro Gianni Pontillo insieme all&#8217;attrice Deborah Caroscioli, ma anche quelli della stessa compagnia locale e di altre compagnie provenienti da tutto il territorio.</p>
<p>Il Teatro Il Mascherone presenta la sua prima, ricca stagione con un calendario di spettacoli che spazia dal varietà alla commedia, da Pirandello a Mary Poppins, con il chiaro intento di coinvolgere tutte le fasce d&#8217;età e tutte le sensibilità.</p>
<p align="center"><a href="http://demo.valentano.org/wp-content/uploads/2016/01/WP_20151118_21_46_43_Pro-c4c.jpg" target="_blank" rel="noopener"><img loading="lazy" decoding="async" class=" size-full wp-image-5927" src="http://demo.valentano.org/wp-content/uploads/2016/01/th_WP_20151118_21_46_43_Pro-3f7.jpg" border="0" width="225" height="400" srcset="https://www.valentano.org/wp-content/uploads/2016/01/th_WP_20151118_21_46_43_Pro-3f7.jpg 225w, https://www.valentano.org/wp-content/uploads/2016/01/th_WP_20151118_21_46_43_Pro-3f7-169x300.jpg 169w" sizes="auto, (max-width: 225px) 100vw, 225px" /></a></p>
<p>Questo piccolo teatro, dall&#8217;atmosfera accogliente e calda, rappresenta davvero qualcosa di eccellente, perché da anni la comunità di Valentano desiderava uno spazio teatrale, vista la presenza sul territorio non solo di una compagnia teatrale di lunga data, ma anche di numerose associazioni artistiche e musicali. Tuttavia solo l&#8217;arrivo a Valentano di due attori professionisti romani ha permesso questo traguardo.</p>
<p align="center"><a href="http://demo.valentano.org/wp-content/uploads/2016/01/WP_20151118_21_58_51_Pro-315.jpg" target="_blank" rel="noopener"><img loading="lazy" decoding="async" class=" size-full wp-image-5941" src="http://demo.valentano.org/wp-content/uploads/2016/01/th_WP_20151118_21_58_51_Pro-cae.jpg" border="0" width="400" height="225" srcset="https://www.valentano.org/wp-content/uploads/2016/01/th_WP_20151118_21_58_51_Pro-cae.jpg 400w, https://www.valentano.org/wp-content/uploads/2016/01/th_WP_20151118_21_58_51_Pro-cae-300x169.jpg 300w" sizes="auto, (max-width: 400px) 100vw, 400px" /></a></p>
<p>E così si è dato vita ad uno spazio speciale, nato grazie al lavoro manuale di tutti: a partire dallo stesso presidente della compagnia teatrale La Piazzetta di Valentano, Luigi Menci, che ha profuso tutta la sua esperienza pratica nella ristrutturazione della sala. Ma nessuno si è tirato indietro: con chiodi e martelli, ago e filo, pennelli e vernici, tutti gli attori e le attrici si sono dati da fare ogni sera, dopo il lavoro, per creare quel luogo dove, per dirla con Gigi Proietti, tutto è finto ma niente è falso.</p>
<p align="center"><a href="http://demo.valentano.org/wp-content/uploads/2016/01/applausi2-01f.jpg" target="_blank" rel="noopener"><img loading="lazy" decoding="async" class=" size-full wp-image-5955" src="http://demo.valentano.org/wp-content/uploads/2016/01/th_applausi2-86e.jpg" border="0" width="400" height="267" srcset="https://www.valentano.org/wp-content/uploads/2016/01/th_applausi2-86e.jpg 400w, https://www.valentano.org/wp-content/uploads/2016/01/th_applausi2-86e-300x200.jpg 300w" sizes="auto, (max-width: 400px) 100vw, 400px" /></a> <a href="http://demo.valentano.org/wp-content/uploads/2016/01/applausi3-3c9.jpg" target="_blank" rel="noopener"><img loading="lazy" decoding="async" class=" size-full wp-image-5969" src="http://demo.valentano.org/wp-content/uploads/2016/01/th_applausi3-bb8.jpg" border="0" alt="Teatro Il Mascherone" style="display: block; margin-left: auto; margin-right: auto;" width="400" height="267" srcset="https://www.valentano.org/wp-content/uploads/2016/01/th_applausi3-bb8.jpg 400w, https://www.valentano.org/wp-content/uploads/2016/01/th_applausi3-bb8-300x200.jpg 300w" sizes="auto, (max-width: 400px) 100vw, 400px" /></a></p>
<p align="center"><strong>TEATRO IL MASCHERONE</strong></p>
<p align="center"><strong>Piazza della Vittoria, 01018 Valentano VT</p>
<p> </strong></p>
<p align="center"><strong>Info e prenotazioni: tel 3357518414</strong></p>
<p align="center"><strong> </strong></p>
<p align="center"><strong>PAGINA FB:</strong> <a href="https://www.facebook.com/Teatro-Il-Mascherone-Di-Valentano-941914449218130/" target="_blank" title="Pagina Facebook" rel="noopener"><em>Teatro Il Mascherone di Valentano </em></a></p>

<p>TEATRO IL MASCHERONE di Valentano                      Il Teatro Il Mascherone è la perla artistica del paese. Inaugurato il 5 dicembre 2015 con un delizioso varietà comico-musicale dal titolo “Però mi vuole bene”, ha riscosso fin da subito un grande successo, diventando il nuovo piccolo polo artistico-culturale di tutto il territorio.  Si tratta di un teatro&hellip; <a class="more-link" href="https://www.valentano.org/it/teatro-il-mascherone-di-valentano/">Continua a leggere <span class="screen-reader-text">Teatro Il Mascherone di Valentano</span></a></p>
