{"id":114,"date":"2013-04-28T19:41:10","date_gmt":"2013-04-28T17:41:10","guid":{"rendered":"http:\/\/demo.valentano.org\/corpus-domini-l-infiorata\/"},"modified":"2013-04-28T19:41:10","modified_gmt":"2013-04-28T17:41:10","slug":"corpus-domini-l-infiorata","status":"publish","type":"page","link":"https:\/\/www.valentano.org\/it\/corpus-domini-l-infiorata\/","title":{"rendered":"Corpus Domini: l&#8217;infiorata"},"content":{"rendered":"<p>La raccolta del verde inizia da qualche giorno prima, seguita da quella pi\u00f9 delicata dei petali e dei boccioli; i disegni vengono concordati con il vicinato, alcune sagome di cartone o bozzetti su carta sono allestiti o ripresi da quelli degli anni passati.<\/p>\n<p align=\"center\"><a href=\"http:\/\/demo.valentano.org\/wp-content\/uploads\/2013\/04\/cd_05-cda.jpg\" target=\"_blank\" rel=\"noopener\"><img loading=\"lazy\" decoding=\"async\" class=\" size-full wp-image-2693\" src=\"http:\/\/demo.valentano.org\/wp-content\/uploads\/2013\/04\/thumb_cd_05-5b7.jpg\" border=\"0\" alt=\"Allestimento dell'infiorata del Corpus Domini davanti alla Porta Magenta\" width=\"192\" height=\"300\" \/><\/a> <a href=\"http:\/\/demo.valentano.org\/wp-content\/uploads\/2013\/04\/cd_06-8a0.jpg\" target=\"_blank\" rel=\"noopener\"><img loading=\"lazy\" decoding=\"async\" class=\" size-full wp-image-2707\" src=\"http:\/\/demo.valentano.org\/wp-content\/uploads\/2013\/04\/thumb_cd_06-1cd.jpg\" border=\"0\" alt=\"Disegni geometrici in via Gramsci\" width=\"200\" height=\"300\" \/><\/a><br \/><span style=\"color: #ff0000;\">Cliccare sulle immagini per ingrandirle<\/span><\/p>\n<p>La sera della vigilia \u00e8 tutto pronto: disegni, petali, foglie e polveri colorate&#8230; Si mette la sveglia presto e al mattino seguente in strada, chinati con pazienza, concentrati ognuno sul proprio pezzetto di ornamento, piccola parte di un progetto che spesso riguarda l&#8217;intera strada.<\/p>\n<p align=\"center\"><a href=\"http:\/\/demo.valentano.org\/wp-content\/uploads\/2013\/04\/corpusdo-ee6.jpg\" target=\"_blank\" rel=\"noopener\"><img loading=\"lazy\" decoding=\"async\" class=\" size-full wp-image-2721\" src=\"http:\/\/demo.valentano.org\/wp-content\/uploads\/2013\/04\/thumb_corpusdo-00b.jpg\" border=\"0\" width=\"300\" height=\"191\" \/><\/a><\/p>\n<p align=\"left\">Nel 1263, a Bolsena giungeva da Roma un prete boemo, il quale nutriva dei dubbi sulla transustanziazione (le specie del pane e del vino restano immutate mentre la sostanza si transustanzia in <em>corpo <\/em>e <em>sangue <\/em>di Cristo). Durante la celebrazione della Santa Messa, l&#8217;Ostia inizi\u00f2 a stillare sangue, inzuppando il corporale e macchiando la pietra dell&#8217;altare. Il papa Urbano IV si trovava nella vicina citt\u00e0 di Orvieto e la gente di Bolsena, che aveva assistito al prodigio, prese il lino del corporale insanguinato e lo port\u00f2 in solenne processione al Pontefice, il quale riconobbe il miracolo ed istitu\u00ec la festa del Corpus Domini.<\/p>\n<p align=\"center\"><a href=\"http:\/\/demo.valentano.org\/wp-content\/uploads\/2013\/04\/cd_04-f0c.jpg\" target=\"_blank\" rel=\"noopener\"><img loading=\"lazy\" decoding=\"async\" class=\" size-full wp-image-2735\" src=\"http:\/\/demo.valentano.org\/wp-content\/uploads\/2013\/04\/thumb_cd_04-661.jpg\" border=\"0\" width=\"300\" height=\"197\" \/><\/a><\/p>\n<p align=\"center\"><img loading=\"lazy\" decoding=\"async\" class=\" size-full wp-image-2742\" src=\"http:\/\/demo.valentano.org\/wp-content\/uploads\/2013\/04\/mt26-26-28-fd0.gif\" border=\"0\" alt=\"(Mt 26,26) Ora, mentre essi mangiavano, Ges\u00f9 prese il pane e, pronunziata la benedizione, lo spezz\u00f2 e lo diede ai discepoli dicendo: \u00abPrendete e mangiate; questo \u00e8 il mio corpo\u00bb. (27) Poi prese il calice e, dopo aver reso grazie, lo diede loro, dicendo: \u00abBevetene tutti, (28) perch\u00e9 questo \u00e8 il mio sangue dell'alleanza, versato per molti, in remissione dei peccati.\u00bb\" width=\"369\" height=\"141\" \/><\/p>\n<p align=\"center\"><a href=\"http:\/\/demo.valentano.org\/wp-content\/uploads\/2013\/04\/cd_08-353.jpg\" target=\"_blank\" rel=\"noopener\"><img loading=\"lazy\" decoding=\"async\" class=\" size-full wp-image-2756\" src=\"http:\/\/demo.valentano.org\/wp-content\/uploads\/2013\/04\/thumb_cd_08-a3e.jpg\" border=\"0\" width=\"300\" height=\"206\" \/><\/a><\/p>\n<p align=\"center\">\u00abIo vi dico che da ora non berr\u00f2 pi\u00f9 di questo frutto della vite fino al giorno <br \/>in cui lo berr\u00f2 nuovo con voi nel regno del Padre mio.\u00bb (Mt, 26,29)<\/p>\n<p align=\"center\"><a href=\"http:\/\/demo.valentano.org\/wp-content\/uploads\/2013\/04\/cd_09-085.jpg\" target=\"_blank\" rel=\"noopener\"><img loading=\"lazy\" decoding=\"async\" class=\" size-full wp-image-2770\" src=\"http:\/\/demo.valentano.org\/wp-content\/uploads\/2013\/04\/thumb_cd_09-9e8.jpg\" border=\"0\" width=\"300\" height=\"193\" \/><\/a><\/p>\n<p align=\"center\">Il culto mariano a Valentano \u00e8 molto sentito e, anche nei disegni per la festa del Corpus Domini, non manca mai un omaggio alla Madre. \u00abNel cielo apparve poi un segno grandioso: una donna vestita di sole, con la luna sotto i suoi piedi e sul suo capo una corona di dodici stelle.\u00bb (Ap. 12,1)<\/p>\n<p align=\"center\"><a href=\"http:\/\/demo.valentano.org\/wp-content\/uploads\/2013\/04\/cd_07-b76.jpg\" target=\"_blank\" rel=\"noopener\"><img loading=\"lazy\" decoding=\"async\" class=\" size-full wp-image-2784\" src=\"http:\/\/demo.valentano.org\/wp-content\/uploads\/2013\/04\/thumb_cd_07-21b.jpg\" border=\"0\" width=\"205\" height=\"300\" \/><\/a><\/p>\n<p align=\"center\">\u00abPoich\u00e9 c&#8217;\u00e8 un solo pane, noi, pur essendo molti, siamo un corpo solo: <br \/>tutti infatti partecipiamo dell&#8217;unico pane.\u00bb<br \/>(I Corinzi 10,17)<\/p>\n","protected":false},"excerpt":{"rendered":"<p>La raccolta del verde inizia da qualche giorno prima, seguita da quella pi\u00f9 delicata dei petali e dei boccioli; i disegni vengono concordati con il vicinato, alcune sagome di cartone o bozzetti su carta sono allestiti o ripresi da quelli degli anni passati. Cliccare sulle immagini per ingrandirle La sera della vigilia \u00e8 tutto pronto:&hellip; <a class=\"more-link\" href=\"https:\/\/www.valentano.org\/it\/corpus-domini-l-infiorata\/\">Continua a leggere <span class=\"screen-reader-text\">Corpus Domini: l&#8217;infiorata<\/span><\/a><\/p>\n","protected":false},"author":1,"featured_media":0,"parent":0,"menu_order":38,"comment_status":"closed","ping_status":"closed","template":"","meta":{"_acf_changed":false,"footnotes":""},"class_list":["post-114","page","type-page","status-publish","hentry","entry"],"acf":[],"_links":{"self":[{"href":"https:\/\/www.valentano.org\/it\/wp-json\/wp\/v2\/pages\/114","targetHints":{"allow":["GET"]}}],"collection":[{"href":"https:\/\/www.valentano.org\/it\/wp-json\/wp\/v2\/pages"}],"about":[{"href":"https:\/\/www.valentano.org\/it\/wp-json\/wp\/v2\/types\/page"}],"author":[{"embeddable":true,"href":"https:\/\/www.valentano.org\/it\/wp-json\/wp\/v2\/users\/1"}],"replies":[{"embeddable":true,"href":"https:\/\/www.valentano.org\/it\/wp-json\/wp\/v2\/comments?post=114"}],"version-history":[{"count":0,"href":"https:\/\/www.valentano.org\/it\/wp-json\/wp\/v2\/pages\/114\/revisions"}],"wp:attachment":[{"href":"https:\/\/www.valentano.org\/it\/wp-json\/wp\/v2\/media?parent=114"}],"curies":[{"name":"wp","href":"https:\/\/api.w.org\/{rel}","templated":true}]}}

<p>La raccolta del verde inizia da qualche giorno prima, seguita da quella più delicata dei petali e dei boccioli; i disegni vengono concordati con il vicinato, alcune sagome di cartone o bozzetti su carta sono allestiti o ripresi da quelli degli anni passati.</p>
<p align="center"><a href="http://demo.valentano.org/wp-content/uploads/2013/04/cd_05-cda.jpg" target="_blank" rel="noopener"><img loading="lazy" decoding="async" class=" size-full wp-image-2693" src="http://demo.valentano.org/wp-content/uploads/2013/04/thumb_cd_05-5b7.jpg" border="0" alt="Allestimento dell'infiorata del Corpus Domini davanti alla Porta Magenta" width="192" height="300" /></a> <a href="http://demo.valentano.org/wp-content/uploads/2013/04/cd_06-8a0.jpg" target="_blank" rel="noopener"><img loading="lazy" decoding="async" class=" size-full wp-image-2707" src="http://demo.valentano.org/wp-content/uploads/2013/04/thumb_cd_06-1cd.jpg" border="0" alt="Disegni geometrici in via Gramsci" width="200" height="300" /></a><br /><span style="color: #ff0000;">Cliccare sulle immagini per ingrandirle</span></p>
<p>La sera della vigilia è tutto pronto: disegni, petali, foglie e polveri colorate&#8230; Si mette la sveglia presto e al mattino seguente in strada, chinati con pazienza, concentrati ognuno sul proprio pezzetto di ornamento, piccola parte di un progetto che spesso riguarda l&#8217;intera strada.</p>
<p align="center"><a href="http://demo.valentano.org/wp-content/uploads/2013/04/corpusdo-ee6.jpg" target="_blank" rel="noopener"><img loading="lazy" decoding="async" class=" size-full wp-image-2721" src="http://demo.valentano.org/wp-content/uploads/2013/04/thumb_corpusdo-00b.jpg" border="0" width="300" height="191" /></a></p>
<p align="left">Nel 1263, a Bolsena giungeva da Roma un prete boemo, il quale nutriva dei dubbi sulla transustanziazione (le specie del pane e del vino restano immutate mentre la sostanza si transustanzia in <em>corpo </em>e <em>sangue </em>di Cristo). Durante la celebrazione della Santa Messa, l&#8217;Ostia iniziò a stillare sangue, inzuppando il corporale e macchiando la pietra dell&#8217;altare. Il papa Urbano IV si trovava nella vicina città di Orvieto e la gente di Bolsena, che aveva assistito al prodigio, prese il lino del corporale insanguinato e lo portò in solenne processione al Pontefice, il quale riconobbe il miracolo ed istituì la festa del Corpus Domini.</p>
<p align="center"><a href="http://demo.valentano.org/wp-content/uploads/2013/04/cd_04-f0c.jpg" target="_blank" rel="noopener"><img loading="lazy" decoding="async" class=" size-full wp-image-2735" src="http://demo.valentano.org/wp-content/uploads/2013/04/thumb_cd_04-661.jpg" border="0" width="300" height="197" /></a></p>
<p align="center"><img loading="lazy" decoding="async" class=" size-full wp-image-2742" src="http://demo.valentano.org/wp-content/uploads/2013/04/mt26-26-28-fd0.gif" border="0" alt="(Mt 26,26) Ora, mentre essi mangiavano, Gesù prese il pane e, pronunziata la benedizione, lo spezzò e lo diede ai discepoli dicendo: «Prendete e mangiate; questo è il mio corpo». (27) Poi prese il calice e, dopo aver reso grazie, lo diede loro, dicendo: «Bevetene tutti, (28) perché questo è il mio sangue dell'alleanza, versato per molti, in remissione dei peccati.»" width="369" height="141" /></p>
<p align="center"><a href="http://demo.valentano.org/wp-content/uploads/2013/04/cd_08-353.jpg" target="_blank" rel="noopener"><img loading="lazy" decoding="async" class=" size-full wp-image-2756" src="http://demo.valentano.org/wp-content/uploads/2013/04/thumb_cd_08-a3e.jpg" border="0" width="300" height="206" /></a></p>
<p align="center">«Io vi dico che da ora non berrò più di questo frutto della vite fino al giorno <br />in cui lo berrò nuovo con voi nel regno del Padre mio.» (Mt, 26,29)</p>
<p align="center"><a href="http://demo.valentano.org/wp-content/uploads/2013/04/cd_09-085.jpg" target="_blank" rel="noopener"><img loading="lazy" decoding="async" class=" size-full wp-image-2770" src="http://demo.valentano.org/wp-content/uploads/2013/04/thumb_cd_09-9e8.jpg" border="0" width="300" height="193" /></a></p>
<p align="center">Il culto mariano a Valentano è molto sentito e, anche nei disegni per la festa del Corpus Domini, non manca mai un omaggio alla Madre. «Nel cielo apparve poi un segno grandioso: una donna vestita di sole, con la luna sotto i suoi piedi e sul suo capo una corona di dodici stelle.» (Ap. 12,1)</p>
<p align="center"><a href="http://demo.valentano.org/wp-content/uploads/2013/04/cd_07-b76.jpg" target="_blank" rel="noopener"><img loading="lazy" decoding="async" class=" size-full wp-image-2784" src="http://demo.valentano.org/wp-content/uploads/2013/04/thumb_cd_07-21b.jpg" border="0" width="205" height="300" /></a></p>
<p align="center">«Poiché c&#8217;è un solo pane, noi, pur essendo molti, siamo un corpo solo: <br />tutti infatti partecipiamo dell&#8217;unico pane.»<br />(I Corinzi 10,17)</p>

<p>La raccolta del verde inizia da qualche giorno prima, seguita da quella più delicata dei petali e dei boccioli; i disegni vengono concordati con il vicinato, alcune sagome di cartone o bozzetti su carta sono allestiti o ripresi da quelli degli anni passati. Cliccare sulle immagini per ingrandirle La sera della vigilia è tutto pronto:&hellip; <a class="more-link" href="https://www.valentano.org/it/corpus-domini-l-infiorata/">Continua a leggere <span class="screen-reader-text">Corpus Domini: l&#8217;infiorata</span></a></p>
