{"id":144,"date":"2013-05-06T20:40:18","date_gmt":"2013-05-06T18:40:18","guid":{"rendered":"http:\/\/demo.valentano.org\/le-tirage-du-sillon-droit\/"},"modified":"2013-05-06T20:40:18","modified_gmt":"2013-05-06T18:40:18","slug":"le-tirage-du-sillon-droit","status":"publish","type":"page","link":"https:\/\/www.valentano.org\/fr\/le-tirage-du-sillon-droit\/","title":{"rendered":"Le tirage du Sillon Droit"},"content":{"rendered":"<p>De: <em>La tiratura del solco dritto nel Ferragosto verentano<\/em>, de R. Luzi<\/p>\n<p>\u00a0\u00a0\u00a0 La population de Valentano a eu dans les si\u00e8cles pass\u00e9s et garde encore aujourd&rsquo;hui une profonde d\u00e9votion envers la Sainte Vierge de l&rsquo;Assomption et chaque ann\u00e9e, \u00e0 mi-ao\u00fbt, la primitive et principale f\u00eate du monde paysan, c\u00e9l\u00e8bre cette f\u00eate avec une particuli\u00e8re solennit\u00e9 et par des manifestations folkloriques qui rappellent \u00e0 la m\u00e9moire d&rsquo;anciens rites propitiatoires envers les divinit\u00e9s agrestes. [&#8230;] <br \/> \u00a0\u00a0\u00a0 La celebration est, en d\u00e9finitive, une <em>f\u00eate de remerciement<\/em> pour l&rsquo;ann\u00e9e agraire. [&#8230;] On offre \u00e0 Marie, comme dans un sacrifice de primeurs, des \u00ab\u00a0biscotti\u00a0\u00bb (de grands g\u00e2teaux \u00e0 couronne) et des grappes de raisin (le pain et le vin), par une c\u00e9r\u00e9monie simple et significative. Pendant qu&rsquo;un tambour orn\u00e9 d&rsquo;un \u00ab\u00a0biscotto\u00a0\u00bb roule, une petite procession se forme: elle part de la maison des <em>d\u00e9put\u00e9s<\/em> ou <em>Seigneurs de la f\u00eate<\/em> et va vers l&rsquo;\u00c9glise paroissiale o\u00f9 l&rsquo;on garde l&rsquo;artistique statue en bois de la Sainte Vierge de l&rsquo;Assomption qui, selon la tradition, a \u00e9t\u00e9 sculpt\u00e9e dans le tronc d&rsquo;un cerisier coup\u00e9 expr\u00e8s dans les terres de Valentano.<\/p>\n<p align=\"center\"><a href=\"http:\/\/demo.valentano.org\/wp-content\/uploads\/2013\/05\/madass08-d2a.jpg\" target=\"_blank\" rel=\"noopener\"><img loading=\"lazy\" decoding=\"async\" class=\" size-full wp-image-3883\" src=\"http:\/\/demo.valentano.org\/wp-content\/uploads\/2013\/05\/thumb_madass08-d82.jpg\" border=\"0\" alt=\"\u00c0 l'aube de la veille de mi-ao\u00fbt\" width=\"300\" height=\"205\" \/><\/a><br \/> <span style=\"color: #ff0000; font-family: Arial,Helvetica,sans-serif;\">Cliquer sur l&rsquo;image pour l&rsquo;agrandir<\/span><\/p>\n<p><span style=\"font-family: arial,helvetica;\">\u00c0 l&rsquo;aube de la veille de mi-ao\u00fbt on commence le tirage du sillon des \u00ab\u00a0coste\u00a0\u00bb (c\u00f4tes) vers la Plaine de Valentano.<\/span><\/p>\n<p align=\"center\"><span style=\"font-family: arial,helvetica;\"><a href=\"http:\/\/demo.valentano.org\/wp-content\/uploads\/2013\/05\/madass09-efc.jpg\" target=\"_blank\" rel=\"noopener\"><img loading=\"lazy\" decoding=\"async\" class=\" size-full wp-image-3897\" src=\"http:\/\/demo.valentano.org\/wp-content\/uploads\/2013\/05\/thumb_madass09-e54.jpg\" border=\"0\" alt=\"La Plaine de Valentano \u00e0 l'aube, avant le tirage du sillon droit\" width=\"300\" height=\"200\" \/><\/a><\/span><\/p>\n<p><span style=\"font-family: arial,helvetica;\">Depuis lentemps on ouvre le sillon avec un tracteur, mais la d\u00e9votion est la m\u00eame du temps o\u00f9 c&rsquo;\u00e9tait un couple de boeufs qui tirait la charrue.<\/span><\/p>\n<p align=\"center\"><a href=\"http:\/\/demo.valentano.org\/wp-content\/uploads\/2013\/05\/solcva02-aac.jpg\" target=\"_blank\" rel=\"noopener\"><img loading=\"lazy\" decoding=\"async\" class=\" size-full wp-image-3911\" src=\"http:\/\/demo.valentano.org\/wp-content\/uploads\/2013\/05\/thumb_solcva02-a04.jpg\" border=\"0\" alt=\"Le couple de boeufs, il y a quelques ann\u00e9es, presque &quot;perdu&quot; dans le bruillard de la premi\u00e8re lumi\u00e8re du jour\" width=\"300\" height=\"199\" \/><\/a>\u00a0 <a href=\"http:\/\/demo.valentano.org\/wp-content\/uploads\/2013\/05\/solcva01-ed6.jpg\" target=\"_blank\" rel=\"noopener\"><img loading=\"lazy\" decoding=\"async\" class=\" size-full wp-image-3925\" src=\"http:\/\/demo.valentano.org\/wp-content\/uploads\/2013\/05\/thumb_solcva01-e7e.jpg\" border=\"0\" alt=\"La charrue, tir\u00e9e par les boeufs, rompt lentement la terre de la Plaine de Valentano\" width=\"300\" height=\"199\" \/><\/a><\/p>\n<p>Dans les jours pr\u00e9c\u00e9dents on a plac\u00e9 des \u00ab\u00a0jalons\u00a0\u00bb pour contr\u00f4ler la juste direction pendant le tirage du sillon.<\/p>\n<p align=\"center\"><a href=\"http:\/\/demo.valentano.org\/wp-content\/uploads\/2013\/05\/madass04-175.jpg\" target=\"_blank\" rel=\"noopener\"><img loading=\"lazy\" decoding=\"async\" class=\" size-full wp-image-3939\" src=\"http:\/\/demo.valentano.org\/wp-content\/uploads\/2013\/05\/thumb_madass04-1dd.jpg\" border=\"0\" alt=\"La charrue rompt la terre en laissant un profond sillon\" width=\"204\" height=\"300\" \/><\/a><\/p>\n<p>Les regards attentifs de tous les pr\u00e9sents suivent chaque moment du tirage du sillon droit.<\/p>\n<p align=\"center\"><a href=\"http:\/\/demo.valentano.org\/wp-content\/uploads\/2013\/05\/madass05-2a3.jpg\" target=\"_blank\" rel=\"noopener\"><img loading=\"lazy\" decoding=\"async\" class=\" size-full wp-image-3953\" src=\"http:\/\/demo.valentano.org\/wp-content\/uploads\/2013\/05\/thumb_madass05-20b.jpg\" border=\"0\" alt=\"Le sillon brun fonc\u00e9 contraste dans une fa\u00e7on \u00e9vidente avec le blond des chaumes des champs\" width=\"300\" height=\"205\" \/><\/a><\/p>\n<p>Dans les champs en repos apr\u00e8s le moissonnage du bl\u00e9, le contraste entre le blond des chaumes et le brun fonc\u00e9 de la terre remu\u00e9e par la charrue est \u00e9vident.<\/p>\n<p align=\"center\"><a href=\"http:\/\/demo.valentano.org\/wp-content\/uploads\/2013\/05\/madass06-6d9.jpg\" target=\"_blank\" rel=\"noopener\"><img loading=\"lazy\" decoding=\"async\" class=\" size-full wp-image-3967\" src=\"http:\/\/demo.valentano.org\/wp-content\/uploads\/2013\/05\/thumb_madass06-671.jpg\" border=\"0\" alt=\"Le sillon est droit. La partie oppos\u00e9e est visible au loin vers la colline de Valentano. Les personnes \u00e2g\u00e9es: &quot;Ad\u00e8 dritto come 'na schioppettata&quot; (Il est droit comme un coup de fusil)\" width=\"205\" height=\"300\" \/><\/a><\/p>\n<p>Le sillon, long d&rsquo;environ 3 km, est termin\u00e9. Ici il est vu de la fin, en direction de Valentano (loin sur la colline).<\/p>\n<p align=\"center\"><a href=\"http:\/\/demo.valentano.org\/wp-content\/uploads\/2013\/05\/madass07-50f.jpg\" target=\"_blank\" rel=\"noopener\"><img loading=\"lazy\" decoding=\"async\" class=\" size-full wp-image-3981\" src=\"http:\/\/demo.valentano.org\/wp-content\/uploads\/2013\/05\/thumb_madass07-5a7.jpg\" border=\"0\" alt=\"VIVE MARIE!!\" width=\"300\" height=\"201\" \/><\/a><\/p>\n<p>Les bouviers, avec les seigneurs d\u00e9put\u00e9s de la f\u00eate, go\u00fbtent avec le traditionnel \u00ab\u00a0biscotto\u00a0\u00bb et du vin. VIVE MARIE!!<\/p>\n<p align=\"center\"><a href=\"http:\/\/demo.valentano.org\/wp-content\/uploads\/2013\/05\/madass03-a57.jpg\" target=\"_blank\" rel=\"noopener\"><img loading=\"lazy\" decoding=\"async\" class=\" size-full wp-image-3995\" src=\"http:\/\/demo.valentano.org\/wp-content\/uploads\/2013\/05\/thumb_madass03-aff.jpg\" border=\"0\" alt=\"En procession avec le tambourin et le &quot;biscotto al cu'...&quot;\" width=\"300\" height=\"203\" \/><\/a><\/p>\n<p>Ensuite on marche dans les rues du village avec le tambour et le \u00ab\u00a0biscotto al cu&rsquo;&#8230;\u00a0\u00bb, pour annoncer que le sillon est droit et \u00e7a est s\u00fbrement de bon augure pour la suivante ann\u00e9e agraire. La reproduction du rythme du tambourin (<a href=\"http:\/\/demo.valentano.org\/wp-content\/uploads\/2013\/05\/taratata-76f.mid\">midi<\/a>) et (<a href=\"http:\/\/demo.valentano.org\/wp-content\/uploads\/2013\/05\/taratata-5c2.wav\">wav<\/a>).<\/p>\n<p><span style=\"font-family: arial,helvetica;\">Le soir Il y a une solennelle procession en l&rsquo;honneur de la Sainte Vierge de l&rsquo;Assomption <a href=\"http:\/\/www.valentano.org\/madonna_fra.htm\" target=\"mainFrame\" rel=\"noopener\">Madonna Assunta in Cielo<\/a>. <\/span><\/p>\n","protected":false},"excerpt":{"rendered":"<p>De: La tiratura del solco dritto nel Ferragosto verentano, de R. Luzi \u00a0\u00a0\u00a0 La population de Valentano a eu dans les si\u00e8cles pass\u00e9s et garde encore aujourd&rsquo;hui une profonde d\u00e9votion envers la Sainte Vierge de l&rsquo;Assomption et chaque ann\u00e9e, \u00e0 mi-ao\u00fbt, la primitive et principale f\u00eate du monde paysan, c\u00e9l\u00e8bre cette f\u00eate avec une particuli\u00e8re&hellip; <a class=\"more-link\" href=\"https:\/\/www.valentano.org\/fr\/le-tirage-du-sillon-droit\/\">Poursuivre la lecture <span class=\"screen-reader-text\">Le tirage du Sillon Droit<\/span><\/a><\/p>\n","protected":false},"author":1,"featured_media":0,"parent":0,"menu_order":9,"comment_status":"closed","ping_status":"closed","template":"","meta":{"_acf_changed":false,"footnotes":""},"class_list":["post-144","page","type-page","status-publish","hentry","entry"],"acf":[],"_links":{"self":[{"href":"https:\/\/www.valentano.org\/fr\/wp-json\/wp\/v2\/pages\/144","targetHints":{"allow":["GET"]}}],"collection":[{"href":"https:\/\/www.valentano.org\/fr\/wp-json\/wp\/v2\/pages"}],"about":[{"href":"https:\/\/www.valentano.org\/fr\/wp-json\/wp\/v2\/types\/page"}],"author":[{"embeddable":true,"href":"https:\/\/www.valentano.org\/fr\/wp-json\/wp\/v2\/users\/1"}],"replies":[{"embeddable":true,"href":"https:\/\/www.valentano.org\/fr\/wp-json\/wp\/v2\/comments?post=144"}],"version-history":[{"count":0,"href":"https:\/\/www.valentano.org\/fr\/wp-json\/wp\/v2\/pages\/144\/revisions"}],"wp:attachment":[{"href":"https:\/\/www.valentano.org\/fr\/wp-json\/wp\/v2\/media?parent=144"}],"curies":[{"name":"wp","href":"https:\/\/api.w.org\/{rel}","templated":true}]}}

<p>De: <em>La tiratura del solco dritto nel Ferragosto verentano</em>, de R. Luzi</p>
<p>    La population de Valentano a eu dans les siècles passés et garde encore aujourd&rsquo;hui une profonde dévotion envers la Sainte Vierge de l&rsquo;Assomption et chaque année, à mi-août, la primitive et principale fête du monde paysan, célèbre cette fête avec une particulière solennité et par des manifestations folkloriques qui rappellent à la mémoire d&rsquo;anciens rites propitiatoires envers les divinités agrestes. [&#8230;] <br />     La celebration est, en définitive, une <em>fête de remerciement</em> pour l&rsquo;année agraire. [&#8230;] On offre à Marie, comme dans un sacrifice de primeurs, des « biscotti » (de grands gâteaux à couronne) et des grappes de raisin (le pain et le vin), par une cérémonie simple et significative. Pendant qu&rsquo;un tambour orné d&rsquo;un « biscotto » roule, une petite procession se forme: elle part de la maison des <em>députés</em> ou <em>Seigneurs de la fête</em> et va vers l&rsquo;Église paroissiale où l&rsquo;on garde l&rsquo;artistique statue en bois de la Sainte Vierge de l&rsquo;Assomption qui, selon la tradition, a été sculptée dans le tronc d&rsquo;un cerisier coupé exprès dans les terres de Valentano.</p>
<p align="center"><a href="http://demo.valentano.org/wp-content/uploads/2013/05/madass08-d2a.jpg" target="_blank" rel="noopener"><img loading="lazy" decoding="async" class=" size-full wp-image-3883" src="http://demo.valentano.org/wp-content/uploads/2013/05/thumb_madass08-d82.jpg" border="0" alt="À l'aube de la veille de mi-août" width="300" height="205" /></a><br /> <span style="color: #ff0000; font-family: Arial,Helvetica,sans-serif;">Cliquer sur l&rsquo;image pour l&rsquo;agrandir</span></p>
<p><span style="font-family: arial,helvetica;">À l&rsquo;aube de la veille de mi-août on commence le tirage du sillon des « coste » (côtes) vers la Plaine de Valentano.</span></p>
<p align="center"><span style="font-family: arial,helvetica;"><a href="http://demo.valentano.org/wp-content/uploads/2013/05/madass09-efc.jpg" target="_blank" rel="noopener"><img loading="lazy" decoding="async" class=" size-full wp-image-3897" src="http://demo.valentano.org/wp-content/uploads/2013/05/thumb_madass09-e54.jpg" border="0" alt="La Plaine de Valentano à l'aube, avant le tirage du sillon droit" width="300" height="200" /></a></span></p>
<p><span style="font-family: arial,helvetica;">Depuis lentemps on ouvre le sillon avec un tracteur, mais la dévotion est la même du temps où c&rsquo;était un couple de boeufs qui tirait la charrue.</span></p>
<p align="center"><a href="http://demo.valentano.org/wp-content/uploads/2013/05/solcva02-aac.jpg" target="_blank" rel="noopener"><img loading="lazy" decoding="async" class=" size-full wp-image-3911" src="http://demo.valentano.org/wp-content/uploads/2013/05/thumb_solcva02-a04.jpg" border="0" alt="Le couple de boeufs, il y a quelques années, presque &quot;perdu&quot; dans le bruillard de la première lumière du jour" width="300" height="199" /></a>  <a href="http://demo.valentano.org/wp-content/uploads/2013/05/solcva01-ed6.jpg" target="_blank" rel="noopener"><img loading="lazy" decoding="async" class=" size-full wp-image-3925" src="http://demo.valentano.org/wp-content/uploads/2013/05/thumb_solcva01-e7e.jpg" border="0" alt="La charrue, tirée par les boeufs, rompt lentement la terre de la Plaine de Valentano" width="300" height="199" /></a></p>
<p>Dans les jours précédents on a placé des « jalons » pour contrôler la juste direction pendant le tirage du sillon.</p>
<p align="center"><a href="http://demo.valentano.org/wp-content/uploads/2013/05/madass04-175.jpg" target="_blank" rel="noopener"><img loading="lazy" decoding="async" class=" size-full wp-image-3939" src="http://demo.valentano.org/wp-content/uploads/2013/05/thumb_madass04-1dd.jpg" border="0" alt="La charrue rompt la terre en laissant un profond sillon" width="204" height="300" /></a></p>
<p>Les regards attentifs de tous les présents suivent chaque moment du tirage du sillon droit.</p>
<p align="center"><a href="http://demo.valentano.org/wp-content/uploads/2013/05/madass05-2a3.jpg" target="_blank" rel="noopener"><img loading="lazy" decoding="async" class=" size-full wp-image-3953" src="http://demo.valentano.org/wp-content/uploads/2013/05/thumb_madass05-20b.jpg" border="0" alt="Le sillon brun foncé contraste dans une façon évidente avec le blond des chaumes des champs" width="300" height="205" /></a></p>
<p>Dans les champs en repos après le moissonnage du blé, le contraste entre le blond des chaumes et le brun foncé de la terre remuée par la charrue est évident.</p>
<p align="center"><a href="http://demo.valentano.org/wp-content/uploads/2013/05/madass06-6d9.jpg" target="_blank" rel="noopener"><img loading="lazy" decoding="async" class=" size-full wp-image-3967" src="http://demo.valentano.org/wp-content/uploads/2013/05/thumb_madass06-671.jpg" border="0" alt="Le sillon est droit. La partie opposée est visible au loin vers la colline de Valentano. Les personnes âgées: &quot;Adè dritto come 'na schioppettata&quot; (Il est droit comme un coup de fusil)" width="205" height="300" /></a></p>
<p>Le sillon, long d&rsquo;environ 3 km, est terminé. Ici il est vu de la fin, en direction de Valentano (loin sur la colline).</p>
<p align="center"><a href="http://demo.valentano.org/wp-content/uploads/2013/05/madass07-50f.jpg" target="_blank" rel="noopener"><img loading="lazy" decoding="async" class=" size-full wp-image-3981" src="http://demo.valentano.org/wp-content/uploads/2013/05/thumb_madass07-5a7.jpg" border="0" alt="VIVE MARIE!!" width="300" height="201" /></a></p>
<p>Les bouviers, avec les seigneurs députés de la fête, goûtent avec le traditionnel « biscotto » et du vin. VIVE MARIE!!</p>
<p align="center"><a href="http://demo.valentano.org/wp-content/uploads/2013/05/madass03-a57.jpg" target="_blank" rel="noopener"><img loading="lazy" decoding="async" class=" size-full wp-image-3995" src="http://demo.valentano.org/wp-content/uploads/2013/05/thumb_madass03-aff.jpg" border="0" alt="En procession avec le tambourin et le &quot;biscotto al cu'...&quot;" width="300" height="203" /></a></p>
<p>Ensuite on marche dans les rues du village avec le tambour et le « biscotto al cu&rsquo;&#8230; », pour annoncer que le sillon est droit et ça est sûrement de bon augure pour la suivante année agraire. La reproduction du rythme du tambourin (<a href="http://demo.valentano.org/wp-content/uploads/2013/05/taratata-76f.mid">midi</a>) et (<a href="http://demo.valentano.org/wp-content/uploads/2013/05/taratata-5c2.wav">wav</a>).</p>
<p><span style="font-family: arial,helvetica;">Le soir Il y a une solennelle procession en l&rsquo;honneur de la Sainte Vierge de l&rsquo;Assomption <a href="http://www.valentano.org/madonna_fra.htm" target="mainFrame" rel="noopener">Madonna Assunta in Cielo</a>. </span></p>

<p>De: La tiratura del solco dritto nel Ferragosto verentano, de R. Luzi     La population de Valentano a eu dans les siècles passés et garde encore aujourd&rsquo;hui une profonde dévotion envers la Sainte Vierge de l&rsquo;Assomption et chaque année, à mi-août, la primitive et principale fête du monde paysan, célèbre cette fête avec une particulière&hellip; <a class="more-link" href="https://www.valentano.org/fr/le-tirage-du-sillon-droit/">Poursuivre la lecture <span class="screen-reader-text">Le tirage du Sillon Droit</span></a></p>
