{"id":137,"date":"2013-05-06T20:25:45","date_gmt":"2013-05-06T18:25:45","guid":{"rendered":"http:\/\/demo.valentano.org\/saint-antoine-abbe\/"},"modified":"2023-01-20T08:36:15","modified_gmt":"2023-01-20T07:36:15","slug":"saint-antoine-abbe","status":"publish","type":"page","link":"https:\/\/www.valentano.org\/fr\/saint-antoine-abbe\/","title":{"rendered":"Saint Antoine Abb\u00e9"},"content":{"rendered":"<p align=\"left\">Le 17 janvier, au commencement du Carnaval, le peuple de Valentano c\u00e9l\u00e8bre la f\u00eate de Saint Antoine Abb\u00e9 pr\u00e8s de l&rsquo;\u00c9glise de Santa Croce, o\u00f9 l&rsquo;image du Saint est peinte sur une grande toile d\u00e9di\u00e9e \u00e0 la Sainte Vierge des Sept Douleurs.<\/p>\n<p align=\"left\">\u00c0 l&rsquo;aube les d\u00e9put\u00e9s de la f\u00eate allument un grand feu (<em>&lsquo;l foco de Sant&rsquo;Antogno<\/em>) pr\u00e8s de l&rsquo;\u00c9glise dont le portail est d\u00e9cor\u00e9 par un feston de verdure (laurier, buis) sur lequel on pend des mandarines.<\/p>\n<p align=\"center\"><a href=\"http:\/\/demo.valentano.org\/wp-content\/uploads\/2013\/05\/santant_fuoco-e9c.jpg\" target=\"_blank\" rel=\"noopener\"><img loading=\"lazy\" decoding=\"async\" class=\" size-full wp-image-3379\" src=\"http:\/\/demo.valentano.org\/wp-content\/uploads\/2013\/05\/thumb_santant_fuoco-762.jpg\" border=\"0\" alt=\"Le grand feu allum\u00e9 au petit jour pour la f\u00eate\" width=\"200\" height=\"300\" \/><\/a><br \/> <span style=\"color: #ff0000; font-family: Arial,Helvetica,sans-serif;\">Cliquer sur l&rsquo;image pour l&rsquo;agrandir<\/span><\/p>\n<p align=\"left\">On b\u00e9nit les animaux pendant la Messe du matin au cours de laquelle on b\u00e9nit aussi bien <em>la pagnottina de Sant&rsquo;Antogno<\/em> (petite miche de Saint Antoine) et puis on en distribue aux pr\u00e9sents.<\/p>\n<p align=\"center\"><a href=\"http:\/\/demo.valentano.org\/wp-content\/uploads\/2013\/05\/santant_alto-9a1.jpg\" target=\"_blank\" rel=\"noopener\"><img loading=\"lazy\" decoding=\"async\" class=\" size-full wp-image-3393\" src=\"http:\/\/demo.valentano.org\/wp-content\/uploads\/2013\/05\/thumb_santant_alto-c13.jpg\" border=\"0\" alt=\"On b\u00e9nit les animaux pendant la Messe\" width=\"300\" height=\"225\" \/><\/a>\u00a0<a href=\"http:\/\/demo.valentano.org\/wp-content\/uploads\/2013\/05\/santant_benediz-560.jpg\" target=\"_blank\" rel=\"noopener\"><img loading=\"lazy\" decoding=\"async\" class=\" size-full wp-image-3407\" src=\"http:\/\/demo.valentano.org\/wp-content\/uploads\/2013\/05\/thumb_santant_benediz-15a.jpg\" border=\"0\" alt=\"On b\u00e9nit les chevaux\" width=\"300\" height=\"225\" \/><\/a><\/p>\n<p><span style=\"font-family: arial,helvetica;\">\u00c0 la fin une grande quantit\u00e9 de saucisses r\u00f4ties sont donn\u00e9es aux pr\u00e9sents. Malheureusement la <em>Corsa del gallinaccio<\/em> (course du coq) avec les \u00e2nes a disparu de la f\u00eate. En effet, puisqu&rsquo;on devait d\u00e9tacher le cou d&rsquo;un coq pendu \u00e0 une corde, la tradition a \u00e9t\u00e9 interrompue pour respecter les r\u00e8gles de la protection des animaux. <\/span><\/p>\n<p align=\"center\"><a href=\"http:\/\/demo.valentano.org\/wp-content\/uploads\/2013\/05\/santant_salc-ef2.jpg\" target=\"_blank\" rel=\"noopener\"><img loading=\"lazy\" decoding=\"async\" class=\" size-full wp-image-3421\" src=\"http:\/\/demo.valentano.org\/wp-content\/uploads\/2013\/05\/thumb_santant_salc-b40.jpg\" border=\"0\" alt=\"Les saucisses sont presque pr\u00eates\" width=\"201\" height=\"300\" \/><\/a><\/p>\n<p><span style=\"font-family: arial,helvetica;\"><em>Mijacce<\/em> e <em>struffole<\/em> (de grands beignets avec du gras de porc et des \u00ab\u00a0castagnole\u00a0\u00bb) sont les g\u00e2teaux traditionnels du carnaval. <\/span><\/p>\n<p><span style=\"font-family: arial,helvetica;\">Selon la tradition, ce jour-l\u00e0 on mange des f\u00e8ves s\u00e8ches en sauce, assaisonn\u00e9es \u00e0 l&rsquo;huile d&rsquo;olive. <\/span><\/p>\n","protected":false},"excerpt":{"rendered":"<p>Le 17 janvier, au commencement du Carnaval, le peuple de Valentano c\u00e9l\u00e8bre la f\u00eate de Saint Antoine Abb\u00e9 pr\u00e8s de l&rsquo;\u00c9glise de Santa Croce, o\u00f9 l&rsquo;image du Saint est peinte sur une grande toile d\u00e9di\u00e9e \u00e0 la Sainte Vierge des Sept Douleurs. \u00c0 l&rsquo;aube les d\u00e9put\u00e9s de la f\u00eate allument un grand feu (&lsquo;l foco&hellip; <a class=\"more-link\" href=\"https:\/\/www.valentano.org\/fr\/saint-antoine-abbe\/\">Poursuivre la lecture <span class=\"screen-reader-text\">Saint Antoine Abb\u00e9<\/span><\/a><\/p>\n","protected":false},"author":1,"featured_media":0,"parent":0,"menu_order":18,"comment_status":"closed","ping_status":"closed","template":"","meta":{"_acf_changed":false,"footnotes":""},"class_list":["post-137","page","type-page","status-publish","hentry","entry"],"acf":[],"_links":{"self":[{"href":"https:\/\/www.valentano.org\/fr\/wp-json\/wp\/v2\/pages\/137","targetHints":{"allow":["GET"]}}],"collection":[{"href":"https:\/\/www.valentano.org\/fr\/wp-json\/wp\/v2\/pages"}],"about":[{"href":"https:\/\/www.valentano.org\/fr\/wp-json\/wp\/v2\/types\/page"}],"author":[{"embeddable":true,"href":"https:\/\/www.valentano.org\/fr\/wp-json\/wp\/v2\/users\/1"}],"replies":[{"embeddable":true,"href":"https:\/\/www.valentano.org\/fr\/wp-json\/wp\/v2\/comments?post=137"}],"version-history":[{"count":1,"href":"https:\/\/www.valentano.org\/fr\/wp-json\/wp\/v2\/pages\/137\/revisions"}],"predecessor-version":[{"id":6165,"href":"https:\/\/www.valentano.org\/fr\/wp-json\/wp\/v2\/pages\/137\/revisions\/6165"}],"wp:attachment":[{"href":"https:\/\/www.valentano.org\/fr\/wp-json\/wp\/v2\/media?parent=137"}],"curies":[{"name":"wp","href":"https:\/\/api.w.org\/{rel}","templated":true}]}}

Saint Antoine Abbé

<p align="left">Le 17 janvier, au commencement du Carnaval, le peuple de Valentano célèbre la fête de Saint Antoine Abbé près de l&rsquo;Église de Santa Croce, où l&rsquo;image du Saint est peinte sur une grande toile dédiée à la Sainte Vierge des Sept Douleurs.</p>
<p align="left">À l&rsquo;aube les députés de la fête allument un grand feu (<em>&lsquo;l foco de Sant&rsquo;Antogno</em>) près de l&rsquo;Église dont le portail est décoré par un feston de verdure (laurier, buis) sur lequel on pend des mandarines.</p>
<p align="center"><a href="http://demo.valentano.org/wp-content/uploads/2013/05/santant_fuoco-e9c.jpg" target="_blank" rel="noopener"><img loading="lazy" decoding="async" class=" size-full wp-image-3379" src="http://demo.valentano.org/wp-content/uploads/2013/05/thumb_santant_fuoco-762.jpg" border="0" alt="Le grand feu allumé au petit jour pour la fête" width="200" height="300" /></a><br /> <span style="color: #ff0000; font-family: Arial,Helvetica,sans-serif;">Cliquer sur l&rsquo;image pour l&rsquo;agrandir</span></p>
<p align="left">On bénit les animaux pendant la Messe du matin au cours de laquelle on bénit aussi bien <em>la pagnottina de Sant&rsquo;Antogno</em> (petite miche de Saint Antoine) et puis on en distribue aux présents.</p>
<p align="center"><a href="http://demo.valentano.org/wp-content/uploads/2013/05/santant_alto-9a1.jpg" target="_blank" rel="noopener"><img loading="lazy" decoding="async" class=" size-full wp-image-3393" src="http://demo.valentano.org/wp-content/uploads/2013/05/thumb_santant_alto-c13.jpg" border="0" alt="On bénit les animaux pendant la Messe" width="300" height="225" /></a> <a href="http://demo.valentano.org/wp-content/uploads/2013/05/santant_benediz-560.jpg" target="_blank" rel="noopener"><img loading="lazy" decoding="async" class=" size-full wp-image-3407" src="http://demo.valentano.org/wp-content/uploads/2013/05/thumb_santant_benediz-15a.jpg" border="0" alt="On bénit les chevaux" width="300" height="225" /></a></p>
<p><span style="font-family: arial,helvetica;">À la fin une grande quantité de saucisses rôties sont données aux présents. Malheureusement la <em>Corsa del gallinaccio</em> (course du coq) avec les ânes a disparu de la fête. En effet, puisqu&rsquo;on devait détacher le cou d&rsquo;un coq pendu à une corde, la tradition a été interrompue pour respecter les règles de la protection des animaux. </span></p>
<p align="center"><a href="http://demo.valentano.org/wp-content/uploads/2013/05/santant_salc-ef2.jpg" target="_blank" rel="noopener"><img loading="lazy" decoding="async" class=" size-full wp-image-3421" src="http://demo.valentano.org/wp-content/uploads/2013/05/thumb_santant_salc-b40.jpg" border="0" alt="Les saucisses sont presque prêtes" width="201" height="300" /></a></p>
<p><span style="font-family: arial,helvetica;"><em>Mijacce</em> e <em>struffole</em> (de grands beignets avec du gras de porc et des « castagnole ») sont les gâteaux traditionnels du carnaval. </span></p>
<p><span style="font-family: arial,helvetica;">Selon la tradition, ce jour-là on mange des fèves sèches en sauce, assaisonnées à l&rsquo;huile d&rsquo;olive. </span></p>

<p>Le 17 janvier, au commencement du Carnaval, le peuple de Valentano célèbre la fête de Saint Antoine Abbé près de l&rsquo;Église de Santa Croce, où l&rsquo;image du Saint est peinte sur une grande toile dédiée à la Sainte Vierge des Sept Douleurs. À l&rsquo;aube les députés de la fête allument un grand feu (&lsquo;l foco&hellip; <a class="more-link" href="https://www.valentano.org/fr/saint-antoine-abbe/">Poursuivre la lecture <span class="screen-reader-text">Saint Antoine Abbé</span></a></p>
