{"id":26,"date":"2013-04-27T00:47:58","date_gmt":"2013-04-26T22:47:58","guid":{"rendered":"http:\/\/demo.valentano.org\/die-santa-croce-kirche\/"},"modified":"2023-01-20T08:35:57","modified_gmt":"2023-01-20T07:35:57","slug":"die-santa-croce-kirche","status":"publish","type":"page","link":"https:\/\/www.valentano.org\/de\/home-de\/die-santa-croce-kirche\/","title":{"rendered":"Die Santa Croce Kirche"},"content":{"rendered":"<div align=\"center\"><a href=\"http:\/\/demo.valentano.org\/wp-content\/uploads\/2013\/04\/scroce2-669.jpg\" target=\"_blank\" rel=\"noopener\"><img loading=\"lazy\" decoding=\"async\" class=\" size-full wp-image-831\" src=\"http:\/\/demo.valentano.org\/wp-content\/uploads\/2013\/04\/thumb_scroce2-e2c.jpg\" border=\"0\" alt=\"La chiesa di Santa Croce\" width=\"192\" height=\"300\" \/><\/a><\/div>\n<div align=\"center\"><span style=\"font-family: arial,helvetica;\"><span style=\"font-family: arial,helvetica;\"><span style=\"color: #ff0000;\">Klicken zu vergr\u00f6\u00dfern<\/span><\/span><\/span><\/div>\n<p>Die Santa Croce Kirche ist eine der \u00e4ltesten Kirchen des Dorfes. Dort wird ein kostbares Fresko der umbrischen und senese Schule aufbewahrt, das auf die H\u00e4lfte des 15. Jahrhunderts zur\u00fcckgeht. Es stellt die Madonna mit dem Kinde und den Gei\u00dflerbrudern dar, eine umbrische Bu\u00dfbewegung des 13. Jahrhunderts.<\/p>\n<p align=\"center\"><a href=\"http:\/\/demo.valentano.org\/wp-content\/uploads\/2013\/04\/scroce1-213.jpg\" target=\"_blank\" rel=\"noopener\"><img loading=\"lazy\" decoding=\"async\" class=\" size-full wp-image-845\" src=\"http:\/\/demo.valentano.org\/wp-content\/uploads\/2013\/04\/thumb_scroce1-a56.jpg\" border=\"0\" alt=\"Angelo orante, particolare dell'affresco.\" width=\"189\" height=\"300\" \/><\/a><\/p>\n<p>Die Kirche ist heute das Ergebnis der Renovierung des alten Heiligtums von \u201cSankt-Maria der Gei\u00dfler\u201d, die gegen die H\u00e4lfte des 17. Jahrhunderts stattfand.<\/p>\n<p align=\"center\"><a href=\"http:\/\/demo.valentano.org\/wp-content\/uploads\/2013\/04\/scroce3-5bf.jpg\" target=\"_blank\" rel=\"noopener\"><img loading=\"lazy\" decoding=\"async\" class=\" size-full wp-image-859\" src=\"http:\/\/demo.valentano.org\/wp-content\/uploads\/2013\/04\/thumb_scroce3-dfa.jpg\" border=\"0\" alt=\"Dedicato ai caduti valentanesi\" width=\"225\" height=\"300\" \/><\/a><\/p>\n<p style=\"text-align: left;\" align=\"center\">\u00a0<\/p>\n<p style=\"text-align: left;\" align=\"center\"><span style=\"font-family: arial,helvetica;\">Uebersetzung von Consuelo Codoni.\u00a0 <\/span><\/p>\n","protected":false},"excerpt":{"rendered":"<p>Klicken zu vergr\u00f6\u00dfern Die Santa Croce Kirche ist eine der \u00e4ltesten Kirchen des Dorfes. Dort wird ein kostbares Fresko der umbrischen und senese Schule aufbewahrt, das auf die H\u00e4lfte des 15. Jahrhunderts zur\u00fcckgeht. Es stellt die Madonna mit dem Kinde und den Gei\u00dflerbrudern dar, eine umbrische Bu\u00dfbewegung des 13. Jahrhunderts. Die Kirche ist heute das&hellip; <a class=\"more-link\" href=\"https:\/\/www.valentano.org\/de\/home-de\/die-santa-croce-kirche\/\"><span class=\"screen-reader-text\">Die Santa Croce Kirche<\/span> weiterlesen<\/a><\/p>\n","protected":false},"author":1,"featured_media":0,"parent":13,"menu_order":55,"comment_status":"closed","ping_status":"closed","template":"","meta":{"_acf_changed":false,"footnotes":""},"class_list":["post-26","page","type-page","status-publish","hentry","entry"],"acf":[],"_links":{"self":[{"href":"https:\/\/www.valentano.org\/de\/wp-json\/wp\/v2\/pages\/26","targetHints":{"allow":["GET"]}}],"collection":[{"href":"https:\/\/www.valentano.org\/de\/wp-json\/wp\/v2\/pages"}],"about":[{"href":"https:\/\/www.valentano.org\/de\/wp-json\/wp\/v2\/types\/page"}],"author":[{"embeddable":true,"href":"https:\/\/www.valentano.org\/de\/wp-json\/wp\/v2\/users\/1"}],"replies":[{"embeddable":true,"href":"https:\/\/www.valentano.org\/de\/wp-json\/wp\/v2\/comments?post=26"}],"version-history":[{"count":1,"href":"https:\/\/www.valentano.org\/de\/wp-json\/wp\/v2\/pages\/26\/revisions"}],"predecessor-version":[{"id":6082,"href":"https:\/\/www.valentano.org\/de\/wp-json\/wp\/v2\/pages\/26\/revisions\/6082"}],"up":[{"embeddable":true,"href":"https:\/\/www.valentano.org\/de\/wp-json\/wp\/v2\/pages\/13"}],"wp:attachment":[{"href":"https:\/\/www.valentano.org\/de\/wp-json\/wp\/v2\/media?parent=26"}],"curies":[{"name":"wp","href":"https:\/\/api.w.org\/{rel}","templated":true}]}}

<div align="center"><a href="http://demo.valentano.org/wp-content/uploads/2013/04/scroce2-669.jpg" target="_blank" rel="noopener"><img loading="lazy" decoding="async" class=" size-full wp-image-831" src="http://demo.valentano.org/wp-content/uploads/2013/04/thumb_scroce2-e2c.jpg" border="0" alt="La chiesa di Santa Croce" width="192" height="300" /></a></div>
<div align="center"><span style="font-family: arial,helvetica;"><span style="font-family: arial,helvetica;"><span style="color: #ff0000;">Klicken zu vergrößern</span></span></span></div>
<p>Die Santa Croce Kirche ist eine der ältesten Kirchen des Dorfes. Dort wird ein kostbares Fresko der umbrischen und senese Schule aufbewahrt, das auf die Hälfte des 15. Jahrhunderts zurückgeht. Es stellt die Madonna mit dem Kinde und den Geißlerbrudern dar, eine umbrische Bußbewegung des 13. Jahrhunderts.</p>
<p align="center"><a href="http://demo.valentano.org/wp-content/uploads/2013/04/scroce1-213.jpg" target="_blank" rel="noopener"><img loading="lazy" decoding="async" class=" size-full wp-image-845" src="http://demo.valentano.org/wp-content/uploads/2013/04/thumb_scroce1-a56.jpg" border="0" alt="Angelo orante, particolare dell'affresco." width="189" height="300" /></a></p>
<p>Die Kirche ist heute das Ergebnis der Renovierung des alten Heiligtums von “Sankt-Maria der Geißler”, die gegen die Hälfte des 17. Jahrhunderts stattfand.</p>
<p align="center"><a href="http://demo.valentano.org/wp-content/uploads/2013/04/scroce3-5bf.jpg" target="_blank" rel="noopener"><img loading="lazy" decoding="async" class=" size-full wp-image-859" src="http://demo.valentano.org/wp-content/uploads/2013/04/thumb_scroce3-dfa.jpg" border="0" alt="Dedicato ai caduti valentanesi" width="225" height="300" /></a></p>
<p style="text-align: left;" align="center"> </p>
<p style="text-align: left;" align="center"><span style="font-family: arial,helvetica;">Uebersetzung von Consuelo Codoni.  </span></p>

<p>Klicken zu vergrößern Die Santa Croce Kirche ist eine der ältesten Kirchen des Dorfes. Dort wird ein kostbares Fresko der umbrischen und senese Schule aufbewahrt, das auf die Hälfte des 15. Jahrhunderts zurückgeht. Es stellt die Madonna mit dem Kinde und den Geißlerbrudern dar, eine umbrische Bußbewegung des 13. Jahrhunderts. Die Kirche ist heute das&hellip; <a class="more-link" href="https://www.valentano.org/de/home-de/die-santa-croce-kirche/"><span class="screen-reader-text">Die Santa Croce Kirche</span> weiterlesen</a></p>
